02-21 10:20:05.924 8883 8883 W Settings: Setting android_id has moved from android.provider.Settings.System to android.provider.Settings.Secure, returning read-only value.
02-21 10:20:05.925 8883 8883 W Settings: Setting android_id has moved from android.provider.Settings.System to android.provider.Settings.Secure, returning read-only value.
02-21 10:20:05.926 8883 8883 W Settings: Setting android_id has moved from android.provider.Settings.System to android.provider.Settings.Secure, returning read-only value.
02-21 10:20:05.926 8883 8883 W Settings: Setting android_id has moved from android.provider.Settings.System to android.provider.Settings.Secure, returning read-only value.
02-21 10:20:05.927 8883 8883 W Settings: Setting android_id has moved from android.provider.Settings.System to android.provider.Settings.Secure, returning read-only value.
02-21 10:20:05.927 8883 8883 W Settings: Setting android_id has moved from android.provider.Settings.System to android.provider.Settings.Secure, returning read-only value.
02-21 10:20:05.928 8883 8883 W Settings: Setting android_id has moved from android.provider.Settings.System to android.provider.Settings.Secure, returning read-only value.
02-21 10:20:05.928 8883 8883 W Settings: Setting android_id has moved from android.provider.Settings.System to android.provider.Settings.Secure, returning read-only value.
02-21 10:20:05.929 8883 8883 W Settings: Setting android_id has moved from android.provider.Settings.System to android.provider.Settings.Secure, returning read-only value.
02-21 10:20:05.929 8883 8883 W Settings: Setting android_id has moved from android.provider.Settings.System to android.provider.Settings.Secure, returning read-only value.
02-21 10:20:05.930 8883 8883 W Settings: Setting android_id has moved from android.provider.Settings.System to android.provider.Settings.Secure, returning read-only value.
02-21 10:20:05.930 8883 8883 W Settings: Setting android_id has moved from android.provider.Settings.System to android.provider.Settings.Secure, returning read-only value.
02-21 10:20:05.931 8883 8883 W Settings: Setting android_id has moved from android.provider.Settings.System to android.provider.Settings.Secure, returning read-only value.
02-21 10:20:05.931 8883 8883 W Settings: Setting android_id has moved from android.provider.Settings.System to android.provider.Settings.Secure, returning read-only value.
02-21 10:20:05.932 8883 8883 W Settings: Setting android_id has moved from android.provider.Settings.System to android.provider.Settings.Secure, returning read-only value.
02-21 10:20:05.932 8883 8883 W Settings: Setting android_id has moved from android.provider.Settings.System to android.provider.Settings.Secure, returning read-only value.
02-21 10:20:05.932 8883 8883 W Settings: Setting android_id has moved from android.provider.Settings.System to android.provider.Settings.Secure, returning read-only value.
02-21 10:20:05.933 8883 8883 W Settings: Setting android_id has moved from android.provider.Settings.System to android.provider.Settings.Secure, returning read-only value.
02-21 10:20:05.933 8883 8883 W Settings: Setting android_id has moved from android.provider.Settings.System to android.provider.Settings.Secure, returning read-only value.
02-21 10:20:05.934 8883 8883 W Settings: Setting android_id has moved from android.provider.Settings.System to android.provider.Settings.Secure, returning read-only value.
02-21 10:20:05.934 8883 8883 W Settings: Setting android_id has moved from android.provider.Settings.System to android.provider.Settings.Secure, returning read-only value.
02-21 10:20:05.935 8883 8883 W Settings: Setting android_id has moved from android.provider.Settings.System to android.provider.Settings.Secure, returning read-only value.
02-21 10:20:05.935 8883 8883 W Settings: Setting android_id has moved from android.provider.Settings.System to android.provider.Settings.Secure, returning read-only value.
02-21 10:20:05.935 8883 8883 W Settings: Setting android_id has moved from android.provider.Settings.System to android.provider.Settings.Secure, returning read-only value.
02-21 10:20:08.409 1237 3945 E ActivityManager: getPackageFromAppProcesses, return null :10691
02-21 10:20:08.441 10693 10693 E Zygote : isWhitelistProcess - Process is Whitelisted
02-21 10:20:08.442 10693 10693 E Zygote : accessInfo : 1
02-21 10:20:08.444 5010 5010 E adbd : failed to connect to socket 'localabstract:stfservice': Connection refused
02-21 10:20:08.461 10693 10693 E .cyberagent.st: Not starting debugger since process cannot load the jdwp agent.
02-21 10:20:08.492 10685 10685 W app_process: Insufficient pre-allocated space to mmap vdex.
02-21 10:20:08.493 10685 10685 W app_process: ClassLoaderContext classpath size mismatch for position 0. expected=1, found=0 (PCL[/system/framework/org.apache.http.legacy.boot.jar*3821855308] | PCL[])
02-21 10:20:08.496 10693 10693 W .cyberagent.st: Insufficient pre-allocated space to mmap vdex.
02-21 10:20:08.518 10685 10685 E SemAffinityControl: SemAffinityControl: registerfunction enter
02-21 10:20:08.521 10685 10685 E System : Unable to open boot classpath entry: /system/framework/WfdCommon.jar
02-21 10:20:08.521 10685 10685 E System : java.io.FileNotFoundException: File doesn't exist: /system/framework/WfdCommon.jar
02-21 10:20:08.521 10685 10685 E System : at java.util.zip.ZipFile.(ZipFile.java:215)
02-21 10:20:08.521 10685 10685 E System : at java.util.zip.ZipFile.(ZipFile.java:152)
02-21 10:20:08.521 10685 10685 E System : at java.util.jar.JarFile.(JarFile.java:160)
02-21 10:20:08.521 10685 10685 E System : at java.util.jar.JarFile.(JarFile.java:97)
02-21 10:20:08.521 10685 10685 E System : at libcore.io.ClassPathURLStreamHandler.(ClassPathURLStreamHandler.java:47)
02-21 10:20:08.521 10685 10685 E System : at java.lang.VMClassLoader.createBootClassPathUrlHandlers(VMClassLoader.java:48)
02-21 10:20:08.521 10685 10685 E System : at java.lang.VMClassLoader.(VMClassLoader.java:32)
02-21 10:20:08.521 10685 10685 E System : at java.lang.BootClassLoader.findResource(ClassLoader.java:1351)
02-21 10:20:08.521 10685 10685 E System : at java.lang.BootClassLoader.getResource(ClassLoader.java:1397)
02-21 10:20:08.521 10685 10685 E System : at java.lang.ClassLoader.getResourceAsStream(ClassLoader.java:987)
02-21 10:20:08.521 10685 10685 E System : at java.lang.Class.getResourceAsStream(Class.java:2212)
02-21 10:20:08.521 10685 10685 E System : at java.util.logging.LogManager.readConfiguration(LogManager.java:1297)
02-21 10:20:08.521 10685 10685 E System : at java.util.logging.LogManager$3.run(LogManager.java:390)
02-21 10:20:08.521 10685 10685 E System : at java.util.logging.LogManager$3.run(LogManager.java:387)
02-21 10:20:08.521 10685 10685 E System : at java.security.AccessController.doPrivileged(AccessController.java:69)
02-21 10:20:08.521 10685 10685 E System : at java.util.logging.LogManager.readPrimordialConfiguration(LogManager.java:387)
02-21 10:20:08.521 10685 10685 E System : at java.util.logging.LogManager.access$900(LogManager.java:144)
02-21 10:20:08.521 10685 10685 E System : at java.util.logging.LogManager$2.run(LogManager.java:336)
02-21 10:20:08.521 10685 10685 E System : at java.security.AccessController.doPrivileged(AccessController.java:43)
02-21 10:20:08.521 10685 10685 E System : at java.util.logging.LogManager.ensureLogManagerInitialized(LogManager.java:329)
02-21 10:20:08.521 10685 10685 E System : at java.util.logging.LogManager.getLogManager(LogManager.java:369)
02-21 10:20:08.521 10685 10685 E System : at java.util.logging.Logger.demandLogger(Logger.java:449)
02-21 10:20:08.521 10685 10685 E System : at java.util.logging.Logger.getLogger(Logger.java:505)
02-21 10:20:08.521 10685 10685 E System : at android.icu.util.TimeZone.(TimeZone.java:95)
02-21 10:20:08.521 10685 10685 E System : at java.util.TimeZone.setDefault(TimeZone.java:746)
02-21 10:20:08.521 10685 10685 E System : at com.android.internal.os.RuntimeInit.commonInit(RuntimeInit.java:211)
02-21 10:20:08.521 10685 10685 E System : at com.android.internal.os.RuntimeInit.main(RuntimeInit.java:335)
02-21 10:20:08.524 10693 10693 W Notification: Use of stream types is deprecated for operations other than volume control
02-21 10:20:08.524 10693 10693 W Notification: See the documentation of setSound() for what to use instead with android.media.AudioAttributes to qualify your playback use case
02-21 10:20:11.825 5010 5010 E adbd : failed to connect to socket 'localabstract:minicap': Connection refused
02-21 10:20:11.926 821 821 E HWComposer: getColorModes failed for display -1: Invalid display
02-21 10:20:11.926 821 821 E HWComposer: getHdrCapabilities failed for display -1: Invalid display
02-21 10:20:11.930 821 821 E HWComposer: getSupportedPerFrameMetadata failed for display -1: Invalid display
02-21 10:20:13.719 966 1053 E storaged: getDiskStats failed with result NOT_SUPPORTED and size 0
02-21 10:20:16.830 1237 1672 W DeviceStorageMonitorService: updateBroadcasts(/data) oldLevel:0, newLevel:0, seq:1
02-21 10:20:16.831 1237 1672 W DeviceStorageMonitorService: updateBroadcasts_filenode(/data) fn_oldLevel:0, fn_newLevel:0, seq:1
02-21 10:20:18.826 1237 1930 E Watchdog: !@Sync 28 [2020-02-21 10:20:18.826] FD count : 583
02-21 10:20:24.848 1237 1353 W ActivityManager: Slow operation: 59ms so far, now at startProcess: returned from zygote!
02-21 10:20:24.848 1237 1353 W ActivityManager: Slow operation: 60ms so far, now at startProcess: done updating battery stats
02-21 10:20:24.849 1237 1353 W ActivityManager: Slow operation: 60ms so far, now at startProcess: building log message
02-21 10:20:24.849 1237 1353 W ActivityManager: Slow operation: 60ms so far, now at startProcess: starting to update pids map
02-21 10:20:24.849 1237 1353 W ActivityManager: Slow operation: 60ms so far, now at startProcess: done updating pids map
02-21 10:20:24.850 10759 10759 E Zygote : isWhitelistProcess - Process is Whitelisted
02-21 10:20:24.853 10759 10759 E Zygote : accessInfo : 1
02-21 10:20:24.879 10759 10759 E id.defcontaine: Not starting debugger since process cannot load the jdwp agent.
02-21 10:20:25.138 1237 1385 W PackageManager: verifying app can be installed or not
02-21 10:20:25.155 10311 10774 W GOS:SystemEventReactor: addPkgDataFromServer(), getInstallerPackageName() is failed.
02-21 10:20:25.155 10311 10774 W GOS:SystemEventReactor: java.lang.IllegalArgumentException: Unknown package: io.ionic.starter
02-21 10:20:25.155 10311 10774 W GOS:SystemEventReactor: at android.os.Parcel.createException(Parcel.java:1970)
02-21 10:20:25.155 10311 10774 W GOS:SystemEventReactor: at android.os.Parcel.readException(Parcel.java:1934)
02-21 10:20:25.155 10311 10774 W GOS:SystemEventReactor: at android.os.Parcel.readException(Parcel.java:1884)
02-21 10:20:25.155 10311 10774 W GOS:SystemEventReactor: at android.content.pm.IPackageManager$Stub$Proxy.getInstallerPackageName(IPackageManager.java:5282)
02-21 10:20:25.155 10311 10774 W GOS:SystemEventReactor: at android.app.ApplicationPackageManager.getInstallerPackageName(ApplicationPackageManager.java:2333)
02-21 10:20:25.155 10311 10774 W GOS:SystemEventReactor: at com.samsung.android.game.gos.controller.SystemEventReactor.getPkgData(SystemEventReactor.java:496)
02-21 10:20:25.155 10311 10774 W GOS:SystemEventReactor: at com.samsung.android.game.gos.controller.SystemEventReactor.addPkgDataFromServer(SystemEventReactor.java:478)
02-21 10:20:25.155 10311 10774 W GOS:SystemEventReactor: at com.samsung.android.game.gos.controller.SystemEventReactor.onPackageInstallStarted(SystemEventReactor.java:222)
02-21 10:20:25.155 10311 10774 W GOS:SystemEventReactor: at com.samsung.android.game.gos.service.MainIntentService.onHandleIntent(MainIntentService.java:155)
02-21 10:20:25.155 10311 10774 W GOS:SystemEventReactor: at android.app.IntentService$ServiceHandler.handleMessage(IntentService.java:76)
02-21 10:20:25.155 10311 10774 W GOS:SystemEventReactor: at android.os.Handler.dispatchMessage(Handler.java:106)
02-21 10:20:25.155 10311 10774 W GOS:SystemEventReactor: at android.os.Looper.loop(Looper.java:214)
02-21 10:20:25.155 10311 10774 W GOS:SystemEventReactor: at android.os.HandlerThread.run(HandlerThread.java:65)
02-21 10:20:25.155 10311 10774 W GOS:SystemEventReactor: Caused by: android.os.RemoteException: Remote stack trace:
02-21 10:20:25.155 10311 10774 W GOS:SystemEventReactor: at com.android.server.pm.Settings.getInstallerPackageNameLPr(Settings.java:4671)
02-21 10:20:25.155 10311 10774 W GOS:SystemEventReactor: at com.android.server.pm.PackageManagerService.getInstallerPackageName(PackageManagerService.java:25342)
02-21 10:20:25.155 10311 10774 W GOS:SystemEventReactor: at android.content.pm.IPackageManager$Stub.onTransact(IPackageManager.java:1401)
02-21 10:20:25.155 10311 10774 W GOS:SystemEventReactor: at com.android.server.pm.PackageManagerService.onTransact(PackageManagerService.java:4763)
02-21 10:20:25.155 10311 10774 W GOS:SystemEventReactor: at android.os.Binder.execTransact(Binder.java:739)
02-21 10:20:25.155 10311 10774 W GOS:SystemEventReactor:
02-21 10:20:25.156 10311 10774 W GOS:PackageUtil: isVrApp(). PackageManager.NameNotFoundException: io.ionic.starter
02-21 10:20:25.355 1237 1385 W SELinux : SELinux: set fc_digest(/data/app/io.ionic.starter-Ss8QgubpDHcgd_SpOqpULA==)
02-21 10:20:25.534 954 1591 E : Couldn't opendir /data/app/vmdl1876528554.tmp: No such file or directory
02-21 10:20:25.534 954 1591 E installd: Failed to delete /data/app/vmdl1876528554.tmp: No such file or directory
02-21 10:20:25.567 8883 10791 W System.err: java.lang.NullPointerException: Attempt to invoke virtual method 'int java.lang.String.length()' on a null object reference
02-21 10:20:25.567 8883 10791 W System.err: at org.json.JSONTokener.nextCleanInternal(JSONTokener.java:116)
02-21 10:20:25.567 8883 10791 W System.err: at org.json.JSONTokener.nextValue(JSONTokener.java:94)
02-21 10:20:25.567 8883 10791 W System.err: at org.json.JSONArray.(JSONArray.java:92)
02-21 10:20:25.567 8883 10791 W System.err: at org.json.JSONArray.(JSONArray.java:108)
02-21 10:20:25.567 8883 10791 W System.err: at com.domobile.applock.d.a.d(AppBiz.kt:12)
02-21 10:20:25.567 8883 10791 W System.err: at com.domobile.applock.receiver.CoreReceiver$b.run(CoreReceiver.kt:1)
02-21 10:20:25.567 8883 10791 W System.err: at java.lang.Thread.run(Thread.java:764)
02-21 10:20:25.593 1237 1237 W system_server: resources.arsc in APK '/data/app/com.facebook.katana-L6LgCnitBD8nrHeC3QBLBw==/base.apk' is compressed.
02-21 10:20:25.605 10796 10796 E Zygote : isWhitelistProcess - Process is Whitelisted
02-21 10:20:25.607 10796 10796 E Zygote : accessInfo : 1
02-21 10:20:25.608 1745 1745 E Telephony: PhoneInterfaceManager: [PhoneIntfMgr] getCarrierPackageNamesForIntent: No UICC
02-21 10:20:25.623 1745 1745 E Telephony: PhoneUtils: getPhoneFromIccId - phone is null
02-21 10:20:25.623 1745 1745 W Telephony: PhoneUtils: getSubIdForPhoneAccountHandle - INVALID_SUBSCRIPTION_ID
02-21 10:20:25.623 1745 1745 E VVM.VvmPkgInstalledRcvr: cannot create TelephonyManager from ComponentInfo{com.android.phone/com.android.services.telephony.TelephonyConnectionService}, ***, UserHandle{0}
02-21 10:20:25.626 1237 1237 E SDAgentPackageStateReceiver: Not going to handle 'io.ionic.starter'!
02-21 10:20:25.634 10796 10796 E ung.aasaservic: Not starting debugger since process cannot load the jdwp agent.
02-21 10:20:25.637 1237 10802 W ContextImpl: Calling a method in the system process without a qualified user: android.app.ContextImpl.sendBroadcast:1067 com.samsung.android.dapservice.MlDapService$1.lambda$onReceive$0:41 com.samsung.android.dapservice.-$$Lambda$MlDapService$1$9qlL16Pfscs1v6ITrzmXWq42B0E.run:4 java.lang.Thread.run:764
02-21 10:20:25.641 1237 3945 E ActivityManager: getPackageFromAppProcesses, return null :10801
02-21 10:20:25.649 782 804 E ANDR-PERF-MPCTL: Invalid profile no. 0, total profiles 0 only
02-21 10:20:25.652 1237 3945 E ANDR-PERF-JNI: com_qualcomm_qtiperformance_native_perf_io_prefetch_start
02-21 10:20:25.652 781 781 E ANDR-IOP: IOP HAL: Received pkg_name = io.ionic.starter pid = -1
02-21 10:20:25.657 1237 1353 W ActivityManager: Slow operation: 81ms so far, now at startProcess: returned from zygote!
02-21 10:20:25.662 10815 10815 E Zygote : isWhitelistProcess - Process is Whitelisted
02-21 10:20:25.662 10815 10815 E Zygote : accessInfo : 1
02-21 10:20:25.664 781 812 E ANDR-IOP: io prefetch is disabled
02-21 10:20:25.677 10815 10815 E id.app.appsedg: Not starting debugger since process cannot load the jdwp agent.
02-21 10:20:25.700 1237 1353 W ActivityManager: Slow operation: 124ms so far, now at startProcess: done updating battery stats
02-21 10:20:25.701 1237 1353 W ActivityManager: Slow operation: 124ms so far, now at startProcess: building log message
02-21 10:20:25.701 1237 1353 W ActivityManager: Slow operation: 124ms so far, now at startProcess: starting to update pids map
02-21 10:20:25.701 1237 1353 W ActivityManager: Slow operation: 124ms so far, now at startProcess: done updating pids map
02-21 10:20:25.743 1237 1353 W ActivityManager: Slow operation: 53ms so far, now at startProcess: returned from zygote!
02-21 10:20:25.747 759 1675 E : __gcs_disable_update_pld: sgt_array[i] = 0x1
02-21 10:20:25.747 759 1675 E : __gcs_disable_update_pld: sgt_array[i] = 0x2
02-21 10:20:25.750 10831 10831 E Zygote : isWhitelistProcess - Process is Whitelisted
02-21 10:20:25.751 1237 1353 W ActivityManager: Slow operation: 61ms so far, now at startProcess: done updating battery stats
02-21 10:20:25.751 10831 10831 E Zygote : accessInfo : 1
02-21 10:20:25.751 1237 1353 W ActivityManager: Slow operation: 62ms so far, now at startProcess: building log message
02-21 10:20:25.751 1237 1353 W ActivityManager: Slow operation: 62ms so far, now at startProcess: starting to update pids map
02-21 10:20:25.751 1237 1353 W ActivityManager: Slow operation: 62ms so far, now at startProcess: done updating pids map
02-21 10:20:25.789 10796 10850 E AASAservice-TokenRule: parseToken() : TokenFile is null
02-21 10:20:25.792 1237 10190 E AASATokenParser: set xml file does not exist
02-21 10:20:25.804 1237 1361 E EdmStorageProvider: Admin not in database, something went wrong
02-21 10:20:25.806 1237 1361 E EdmStorageProvider: Admin not in database, something went wrong
02-21 10:20:25.806 3374 3748 W SearchServiceCore: Abort, client detached.
02-21 10:20:25.806 1237 1361 E EdmStorageProvider: Admin not in database, something went wrong
02-21 10:20:25.807 1237 1361 E EdmStorageProvider: Admin not in database, something went wrong
02-21 10:20:25.809 1237 1361 E EdmStorageProvider: Admin not in database, something went wrong
02-21 10:20:25.810 1237 1361 E EdmStorageProvider: Admin not in database, something went wrong
02-21 10:20:25.811 1237 1361 E EdmStorageProvider: Admin not in database, something went wrong
02-21 10:20:25.811 10796 10850 E AASAservice-IntentThread: AASAIntentThread : myrule is null.
02-21 10:20:25.811 1237 1361 E EdmStorageProvider: Admin not in database, something went wrong
02-21 10:20:25.812 1237 1361 E EdmStorageProvider: Admin not in database, something went wrong
02-21 10:20:25.821 1237 1361 E EdmStorageProvider: Admin not in database, something went wrong
02-21 10:20:25.823 1237 1361 E EdmStorageProvider: Admin not in database, something went wrong
02-21 10:20:25.825 10862 10862 E Zygote : isWhitelistProcess - Process is Whitelisted
02-21 10:20:25.826 10862 10862 E Zygote : accessInfo : 1
02-21 10:20:25.840 1237 1353 W ActivityManager: Slow operation: 54ms so far, now at startProcess: done updating battery stats
02-21 10:20:25.841 1237 1353 W ActivityManager: Slow operation: 55ms so far, now at startProcess: building log message
02-21 10:20:25.841 1237 1353 W ActivityManager: Slow operation: 55ms so far, now at startProcess: starting to update pids map
02-21 10:20:25.841 1237 1353 W ActivityManager: Slow operation: 55ms so far, now at startProcess: done updating pids map
02-21 10:20:25.860 1956 10870 W GCM : Unexpected forwarded intent: Intent { act=android.intent.action.PACKAGE_ADDED dat=package:io.ionic.starter flg=0x4000010 cmp=com.google.android.gms/.chimera.PersistentIntentOperationService (has extras) }
02-21 10:20:25.861 10862 10862 E id.bbc.bbcagen: Not starting debugger since process cannot load the jdwp agent.
02-21 10:20:25.865 1237 1349 W SearchableInfo: Invalid searchable metadata for com.samsung.android.messaging/.ui.view.recipientspicker.PickerActivity: Search label must be a resource reference.
02-21 10:20:25.865 1956 10868 W GCM : Unexpected forwarded intent: Intent { act=android.intent.action.PACKAGE_ADDED dat=package:io.ionic.starter flg=0x4000010 cmp=com.google.android.gms/.chimera.PersistentIntentOperationService (has extras) }
02-21 10:20:25.871 1237 3087 E WindowManager: win=Window{7a25eeb u0 com.sec.android.app.launcher/com.sec.android.app.launcher.activities.LauncherActivity} destroySurfaces: appStopped=false win.mWindowRemovalAllowed=false win.mRemoveOnExit=false win.mViewVisibility=8 caller=com.android.server.wm.WindowManagerService.tryStartExitingAnimation:2737 com.android.server.wm.WindowManagerService.relayoutWindow:2434 com.android.server.wm.Session.relayoutForTranslate:287 android.view.IWindowSession$Stub.onTransact:432 com.android.server.wm.Session.onTransact:186 android.os.Binder.execTransact:739
02-21 10:20:25.879 821 877 W SurfaceFlinger: Attempting to destroy on removed layer: AppWindowToken{da0c501 token=Token{d764ae8 ActivityRecord{48e2c0b u0 com.samsung.android.MtpApplication/.USBConnection t53}}}#0
02-21 10:20:25.885 2835 3059 W System.err: java.lang.NullPointerException: Attempt to read from field 'java.lang.String aF.q.mPackageName' on a null object reference
02-21 10:20:25.885 2835 3059 W System.err: at aF.f.a(Unknown Source:134)
02-21 10:20:25.885 2835 3059 W System.err: at aF.M.a(Unknown Source:350)
02-21 10:20:25.885 2835 3059 W System.err: at aF.M.a(Unknown Source:2)
02-21 10:20:25.885 2835 3059 W System.err: at com.sec.android.sdhms.common.o.w(Unknown Source:22)
02-21 10:20:25.885 2835 3059 W System.err: at k.d.noteResumeComponent(Unknown Source:33)
02-21 10:20:25.885 2835 3059 W System.err: at com.samsung.android.app.usage.IUsageStatsWatcher$Stub.onTransact(IUsageStatsWatcher.java:67)
02-21 10:20:25.885 2835 3059 W System.err: at android.os.Binder.execTransact(Binder.java:739)
02-21 10:20:25.913 10815 10885 E AppsEdge.Data: getComponentItem : pkgName is not vaild
02-21 10:20:25.935 1237 1349 W SearchableInfo: Invalid searchable metadata for com.samsung.android.themestore/.activity.bixby.SearchActivityForBixby: Search label must be a resource reference.
02-21 10:20:26.047 10831 10908 W o.ionic.starte: Accessing hidden method Landroid/content/Context;->bindServiceAsUser(Landroid/content/Intent;Landroid/content/ServiceConnection;ILandroid/os/Handler;Landroid/os/UserHandle;)Z (light greylist, reflection)
02-21 10:20:26.053 10831 10831 E chromium: [ERROR:filesystem_posix.cc(62)] mkdir /data/user/0/io.ionic.starter/cache/WebView/Crashpad: No such file or directory (2)
02-21 10:20:26.062 10911 10911 E Zygote : accessInfo : 0
02-21 10:20:26.081 10831 10912 W chromium: [WARNING:dns_config_service_posix.cc(341)] Failed to read DnsConfig.
02-21 10:20:26.086 10911 10911 W dboxed_process: Using default instruction set features for ARM CPU variant (cortex-a9) using conservative defaults
02-21 10:20:26.088 2988 3132 E ItemInfo: use iconCache due to icon managing policy
02-21 10:20:26.088 1237 5888 W ContextImpl: Calling a method in the system process without a qualified user: android.app.ContextImpl.sendBroadcast:1082 com.android.server.am.ActivityManagerService.requestKnoxVpnToSendProxyBroadcast:32315 com.android.server.am.ActivityManagerService.registerReceiver:25397 android.app.IActivityManager$Stub.onTransact$registerReceiver$:10890 android.app.IActivityManager$Stub.onTransact:126
02-21 10:20:26.090 1237 7601 W BackupManagerService: dataChanged but no participant pkg='com.sec.android.app.launcher' uid=10111
02-21 10:20:26.094 10924 10924 E Zygote : isWhitelistProcess - Process is Whitelisted
02-21 10:20:26.094 10924 10924 E Zygote : accessInfo : 1
02-21 10:20:26.098 2988 2988 W AppsContainerUpdater: Launcher window is still not attached
02-21 10:20:26.099 1237 2942 W BackupManagerService: dataChanged but no participant pkg='com.sec.android.app.launcher' uid=10111
02-21 10:20:26.101 10911 10911 E dboxed_process: Not starting debugger since process cannot load the jdwp agent.
02-21 10:20:26.112 10924 10924 E roid.da.daagen: Not starting debugger since process cannot load the jdwp agent.
02-21 10:20:26.185 2688 9775 E native : document-store.cc:1194 Failed to update per-doc-data with usage report
02-21 10:20:26.193 1237 5888 W BroadcastQueue: Background execution not allowed: receiving Intent { act=android.intent.action.PACKAGE_ADDED dat=package:io.ionic.starter flg=0x4000010 (has extras) } to com.samsung.android.game.gamehome/.receiver.PackageChangedReceiver
02-21 10:20:26.194 1237 1354 W libprocessgroup: kill(-8730, 9) failed: No such process
02-21 10:20:26.195 1237 1351 W BroadcastQueue: Background execution not allowed: receiving Intent { act=android.intent.action.PACKAGE_ADDED dat=package:io.ionic.starter flg=0x4000010 (has extras) } to com.android.vending/com.google.android.finsky.packagemanager.impl.PackageMonitorReceiverImpl$RegisteredReceiver
02-21 10:20:26.196 1237 1351 W BroadcastQueue: Background execution not allowed: receiving Intent { act=android.intent.action.PACKAGE_ADDED dat=package:io.ionic.starter flg=0x4000010 (has extras) } to com.facebook.appmanager/com.facebook.oxygen.common.packages.event.manifest.ManifestPackageEventReceiver
02-21 10:20:26.196 1237 1351 W BroadcastQueue: Background execution not allowed: receiving Intent { act=android.intent.action.PACKAGE_ADDED dat=package:io.ionic.starter flg=0x4000010 (has extras) } to com.facebook.katana/com.facebook.feed.platformads.AppInstallReceiver
02-21 10:20:26.196 1237 2979 W AlarmManager: Suspiciously short interval 300 millis; expanding to 60 seconds
02-21 10:20:26.196 1237 1351 W BroadcastQueue: Background execution not allowed: receiving Intent { act=android.intent.action.PACKAGE_ADDED dat=package:io.ionic.starter flg=0x4000010 (has extras) } to com.facebook.katana/com.facebook.games.packagecontroller.PackageChangeReceiver
02-21 10:20:26.196 1237 1351 W BroadcastQueue: Background execution not allowed: receiving Intent { act=android.intent.action.PACKAGE_ADDED dat=package:io.ionic.starter flg=0x4000010 (has extras) } to com.google.android.gms/.games.chimera.GamesSystemBroadcastReceiverProxy
02-21 10:20:26.196 1237 1351 W BroadcastQueue: Background execution not allowed: receiving Intent { act=android.intent.action.PACKAGE_ADDED dat=package:io.ionic.starter flg=0x4000010 (has extras) } to com.google.android.gms/.gass.chimera.PackageChangeBroadcastReceiver
02-21 10:20:26.196 1237 1351 W BroadcastQueue: Background execution not allowed: receiving Intent { act=android.intent.action.PACKAGE_ADDED dat=package:io.ionic.starter flg=0x4000010 (has extras) } to com.google.android.gms/.chimera.GmsIntentOperationService$PersistentTrustedReceiver
02-21 10:20:26.197 1237 1351 W BroadcastQueue: Background execution not allowed: receiving Intent { act=android.intent.action.PACKAGE_ADDED dat=package:io.ionic.starter flg=0x4000010 (has extras) } to com.google.android.googlequicksearchbox/com.google.android.apps.gsa.googlequicksearchbox.GelStubAppWatcher
02-21 10:20:26.197 1237 1351 W BroadcastQueue: Background execution not allowed: receiving Intent { act=android.intent.action.PACKAGE_ADDED dat=package:io.ionic.starter flg=0x4000010 (has extras) } to com.samsung.accessibility/.assistantmenu.AssistantMenuReceiver
02-21 10:20:26.200 1237 1354 W libprocessgroup: kill(-8730, 9) failed: No such process
02-21 10:20:26.212 1237 1354 W libprocessgroup: kill(-8730, 9) failed: No such process
02-21 10:20:26.217 1237 1354 W libprocessgroup: kill(-8730, 9) failed: No such process
02-21 10:20:26.229 1237 1354 W libprocessgroup: kill(-8730, 9) failed: No such process
02-21 10:20:26.234 1237 1354 W libprocessgroup: kill(-8730, 9) failed: No such process
02-21 10:20:26.240 1237 1354 W libprocessgroup: kill(-8730, 9) failed: No such process
02-21 10:20:26.247 10964 10964 E Zygote : isWhitelistProcess - Process is Whitelisted
02-21 10:20:26.247 10964 10964 E Zygote : accessInfo : 1
02-21 10:20:26.262 10964 10964 E ce:edgelightin: Not starting debugger since process cannot load the jdwp agent.
02-21 10:20:26.263 2688 4397 W Conscrypt: Could not set socket write timeout: java.net.SocketException: Socket closed
02-21 10:20:26.263 2688 4397 W Conscrypt: at com.google.android.gms.org.conscrypt.Platform.setSocketWriteTimeout(:com.google.android.gms@20104028@20.1.04 (100400-288960190):2)
02-21 10:20:26.263 2688 4397 W Conscrypt: at com.google.android.gms.org.conscrypt.ConscryptFileDescriptorSocket.setSoWriteTimeout(Unknown Source:3)
02-21 10:20:26.275 2688 4397 W Conscrypt: Could not set socket write timeout: java.net.SocketException: Socket closed
02-21 10:20:26.275 2688 4397 W Conscrypt: at com.google.android.gms.org.conscrypt.Platform.setSocketWriteTimeout(:com.google.android.gms@20104028@20.1.04 (100400-288960190):2)
02-21 10:20:26.275 2688 4397 W Conscrypt: at com.google.android.gms.org.conscrypt.ConscryptFileDescriptorSocket.setSoWriteTimeout(Unknown Source:3)
02-21 10:20:26.331 1237 2970 W BroadcastQueue: Background execution not allowed: receiving Intent { act=android.intent.action.PACKAGE_ADDED dat=package:io.ionic.starter flg=0x4000010 (has extras) } to com.samsung.android.app.soundpicker/.HunReceiver
02-21 10:20:26.358 10987 10987 E Zygote : isWhitelistProcess - Process is Whitelisted
02-21 10:20:26.358 10987 10987 E Zygote : accessInfo : 1
02-21 10:20:26.374 10987 10987 E id.app.taskedg: Not starting debugger since process cannot load the jdwp agent.
02-21 10:20:26.387 10831 10920 W o.ionic.starte: Accessing hidden method Landroid/media/AudioManager;->getOutputLatency(I)I (light greylist, reflection)
02-21 10:20:26.398 10831 10920 W cr_media: Requires BLUETOOTH permission
02-21 10:20:26.424 1237 1354 W libprocessgroup: kill(-9847, 9) failed: No such process
02-21 10:20:26.428 10831 11001 W AudioCapabilities: Unsupported mime audio/ac4
02-21 10:20:26.428 10831 11001 W AudioCapabilities: Unsupported mime audio/x-ima
02-21 10:20:26.429 1237 1354 W libprocessgroup: kill(-9847, 9) failed: No such process
02-21 10:20:26.432 10831 11001 W AudioCapabilities: Unsupported mime audio/x-ape
02-21 10:20:26.433 10831 11001 W AudioCapabilities: Unsupported mime audio/eac3-joc
02-21 10:20:26.438 10831 11001 W AudioCapabilities: Unsupported mime audio/mpeg-L1
02-21 10:20:26.438 10831 11001 W AudioCapabilities: Unsupported mime audio/mpeg-L2
02-21 10:20:26.439 1237 1354 W libprocessgroup: kill(-9847, 9) failed: No such process
02-21 10:20:26.442 10831 11001 W AudioCapabilities: Unsupported mime audio/x-ms-wma
02-21 10:20:26.445 1237 1354 W libprocessgroup: kill(-9847, 9) failed: No such process
02-21 10:20:26.447 10831 11001 W VideoCapabilities: Unsupported mime image/vnd.android.heic
02-21 10:20:26.455 1237 1354 W libprocessgroup: kill(-9847, 9) failed: No such process
02-21 10:20:26.458 10831 11001 W VideoCapabilities: Unrecognized profile 8192 for video/hevc
02-21 10:20:26.459 10831 11001 W VideoCapabilities: Unrecognized profile 8192 for video/hevc
02-21 10:20:26.460 10831 11001 W VideoCapabilities: Unrecognized profile 4 for video/hevc
02-21 10:20:26.463 10831 11001 W VideoCapabilities: Unsupported mime video/mp43
02-21 10:20:26.465 10831 11001 W VideoCapabilities: Unrecognized profile/level 1/32 for video/mp4v-es
02-21 10:20:26.466 10831 11001 W VideoCapabilities: Unrecognized profile/level 32768/2 for video/mp4v-es
02-21 10:20:26.466 10831 11001 W VideoCapabilities: Unrecognized profile/level 32768/64 for video/mp4v-es
02-21 10:20:26.466 10831 11001 W VideoCapabilities: Unsupported mime video/wvc1
02-21 10:20:26.475 10831 11001 W VideoCapabilities: Unsupported mime video/x-ms-wmv7
02-21 10:20:26.476 10831 11001 W VideoCapabilities: Unsupported mime video/x-ms-wmv8
02-21 10:20:26.534 1237 7010 W BroadcastQueue: Background execution not allowed: receiving Intent { act=android.intent.action.PACKAGE_ADDED dat=package:io.ionic.starter flg=0x4000010 (has extras) } to com.samsung.android.knox.containeragent/.KnoxPackageStateReceiver
02-21 10:20:26.536 1237 1354 W libprocessgroup: kill(-9873, 9) failed: No such process
02-21 10:20:26.542 1237 1354 W libprocessgroup: kill(-9873, 9) failed: No such process
02-21 10:20:26.547 1237 1354 W libprocessgroup: kill(-9873, 9) failed: No such process
02-21 10:20:26.552 1237 1354 W libprocessgroup: kill(-9873, 9) failed: No such process
02-21 10:20:26.558 1237 1354 W libprocessgroup: kill(-9873, 9) failed: No such process
02-21 10:20:26.563 1237 1354 W libprocessgroup: kill(-9873, 9) failed: No such process
02-21 10:20:26.575 1237 1354 W libprocessgroup: kill(-9873, 9) failed: No such process
02-21 10:20:26.580 1237 1354 W libprocessgroup: kill(-9873, 9) failed: No such process
02-21 10:20:26.582 11035 11035 E Zygote : isWhitelistProcess - Process is Whitelisted
02-21 10:20:26.583 11035 11035 E Zygote : accessInfo : 1
02-21 10:20:26.585 1237 1354 W libprocessgroup: kill(-9873, 9) failed: No such process
02-21 10:20:26.593 1237 1354 W libprocessgroup: kill(-9873, 9) failed: No such process
02-21 10:20:26.598 1237 1354 W libprocessgroup: kill(-9873, 9) failed: No such process
02-21 10:20:26.612 2578 2578 E pageboostd: Received HALT command code 2
02-21 10:20:26.618 11035 11035 E .devicesecurit: Not starting debugger since process cannot load the jdwp agent.
02-21 10:20:26.625 1237 1549 E WindowManager: win=Window{25ade5e u0 Splash Screen io.ionic.starter EXITING} destroySurfaces: appStopped=false win.mWindowRemovalAllowed=true win.mRemoveOnExit=true win.mViewVisibility=0 caller=com.android.server.wm.AppWindowToken.destroySurfaces:870 com.android.server.wm.AppWindowToken.destroySurfaces:851 com.android.server.wm.WindowState.onExitAnimationDone:5366 com.android.server.wm.WindowStateAnimator.onAnimationFinished:319 com.android.server.wm.WindowState.onAnimationFinished:5788 com.android.server.wm.-$$Lambda$yVRF8YoeNdTa8GR1wDStVsHu8xM.run:2 com.android.server.wm.SurfaceAnimator.lambda$getFinishedCallback$0:97
02-21 10:20:26.628 821 877 W SurfaceFlinger: Attempting to set client state on removed layer: Splash Screen io.ionic.starter#0 [s.what : 40]
02-21 10:20:26.629 821 877 W SurfaceFlinger: Attempting to destroy on removed layer: Splash Screen io.ionic.starter#0
02-21 10:20:26.648 2988 3194 E SQLiteLog: (1) near "color": syntax error
02-21 10:20:26.648 2988 3194 E LauncherProvider: query failed : android.database.sqlite.SQLiteException: near "color": syntax error (code 1 SQLITE_ERROR[1]): , while compiling: SELECT container, itemType, color, hidden, spanX, spanY, icon, newCue, screen, title, cellX, cellY, iconType, options, rank, modified, lock, screenType, festival, intent, appWidgetId, iconPackage, iconResource, profileId, restored, appWidgetProvider, _id FROM favorites WHERE (itemType is 2 AND (container=-102) AND (screenType=0)color <> -1 AND color <> 0)
02-21 10:20:26.716 1237 2942 W BroadcastQueue: Background execution not allowed: receiving Intent { act=android.intent.action.PACKAGE_ADDED dat=package:io.ionic.starter flg=0x4000010 (has extras) } to com.samsung.android.spayfw/com.samsung.android.tcp.receiver.AppListner
02-21 10:20:26.718 1237 1354 W libprocessgroup: kill(-9916, 9) failed: No such process
02-21 10:20:26.728 1237 1354 W libprocessgroup: kill(-9916, 9) failed: No such process
02-21 10:20:26.751 1237 1354 W libprocessgroup: kill(-9916, 9) failed: No such process
02-21 10:20:26.752 11061 11061 E Zygote : isWhitelistProcess - Process is Whitelisted
02-21 10:20:26.753 11061 11061 E Zygote : accessInfo : 1
02-21 10:20:26.756 1237 1354 W libprocessgroup: kill(-9916, 9) failed: No such process
02-21 10:20:26.772 1237 1354 W libprocessgroup: kill(-9916, 9) failed: No such process
02-21 10:20:26.778 1237 1354 W libprocessgroup: kill(-9916, 9) failed: No such process
02-21 10:20:26.779 11061 11061 E ox.securefolde: Not starting debugger since process cannot load the jdwp agent.
02-21 10:20:26.877 1237 7010 W BroadcastQueue: Background execution not allowed: receiving Intent { act=android.intent.action.PACKAGE_ADDED dat=package:io.ionic.starter flg=0x4000010 (has extras) } to com.sec.android.app.samsungapps/.receiver.PackageAddedReceiver
02-21 10:20:26.877 1237 1351 W BroadcastQueue: Background execution not allowed: receiving Intent { act=android.intent.action.PACKAGE_ADDED dat=package:io.ionic.starter flg=0x4000010 (has extras) } to com.sec.android.app.sbrowser/.webcontentsprovider.WebContentsProviderReceiver
02-21 10:20:26.881 1237 1354 W libprocessgroup: kill(-9275, 9) failed: No such process
02-21 10:20:26.890 1237 1354 W libprocessgroup: kill(-9275, 9) failed: No such process
02-21 10:20:26.896 1237 1354 W libprocessgroup: kill(-9275, 9) failed: No such process
02-21 10:20:26.901 1237 1354 W libprocessgroup: kill(-9275, 9) failed: No such process
02-21 10:20:26.903 11077 11077 E Zygote : isWhitelistProcess - Process is Whitelisted
02-21 10:20:26.904 11077 11077 E Zygote : accessInfo : 1
02-21 10:20:26.907 1237 1354 W libprocessgroup: kill(-9275, 9) failed: No such process
02-21 10:20:26.908 11061 11061 W SamsungAnalytics201005: [SamsungAnalytics] NullPointerException Attempt to invoke virtual method 'void android.os.Bundle.putBundle(java.lang.String, android.os.Bundle)' on a null object reference
02-21 10:20:26.912 1237 1354 W libprocessgroup: kill(-9275, 9) failed: No such process
02-21 10:20:26.917 11077 11077 E app.samsungapp: Not starting debugger since process cannot load the jdwp agent.
02-21 10:20:26.918 1237 1354 W libprocessgroup: kill(-9275, 9) failed: No such process
02-21 10:20:26.923 1237 1354 W libprocessgroup: kill(-9275, 9) failed: No such process
02-21 10:20:26.928 1237 1354 W libprocessgroup: kill(-9275, 9) failed: No such process
02-21 10:20:26.934 1237 1354 W libprocessgroup: kill(-9275, 9) failed: No such process
02-21 10:20:26.940 1237 1354 W libprocessgroup: kill(-9275, 9) failed: No such process
02-21 10:20:26.964 1237 7010 W BroadcastQueue: Background execution not allowed: receiving Intent { act=android.intent.action.PACKAGE_ADDED dat=package:io.ionic.starter flg=0x4000010 (has extras) } to com.sec.imsservice/com.sec.internal.ims.imsservice.ImsIntentReceiver
02-21 10:20:26.966 1237 1354 W libprocessgroup: kill(-9941, 9) failed: No such process
02-21 10:20:26.967 1237 1351 W BroadcastQueue: Background execution not allowed: receiving Intent { act=android.intent.action.PACKAGE_ADDED dat=package:io.ionic.starter flg=0x4000010 (has extras) } to com.domobile.applock/.receiver.CoreReceiver
02-21 10:20:26.967 1237 1351 W BroadcastQueue: Background execution not allowed: receiving Intent { act=android.intent.action.PACKAGE_ADDED dat=package:io.ionic.starter flg=0x4000010 (has extras) } to com.domobile.applockwatcher/.receiver.CoreReceiver
02-21 10:20:26.972 1237 1354 W libprocessgroup: kill(-9941, 9) failed: No such process
02-21 10:20:26.983 1237 1354 W libprocessgroup: kill(-9941, 9) failed: No such process
02-21 10:20:26.988 1237 1354 W libprocessgroup: kill(-9941, 9) failed: No such process
02-21 10:20:26.996 1237 1354 W libprocessgroup: kill(-9941, 9) failed: No such process
02-21 10:20:26.999 11096 11096 E Zygote : isWhitelistProcess - Process is Whitelisted
02-21 10:20:27.000 11096 11096 E Zygote : accessInfo : 1
02-21 10:20:27.003 1237 1354 W libprocessgroup: kill(-9941, 9) failed: No such process
02-21 10:20:27.008 1237 1354 W libprocessgroup: kill(-9941, 9) failed: No such process
02-21 10:20:27.013 1237 1354 W libprocessgroup: kill(-9941, 9) failed: No such process
02-21 10:20:27.023 11096 11096 E ACMS.Process: Not starting debugger since process cannot load the jdwp agent.
02-21 10:20:27.150 1237 1354 W libprocessgroup: kill(-9057, 9) failed: No such process
02-21 10:20:27.155 1237 1354 W libprocessgroup: kill(-9057, 9) failed: No such process
02-21 10:20:27.161 1237 1354 W libprocessgroup: kill(-9057, 9) failed: No such process
02-21 10:20:27.183 1237 1354 W libprocessgroup: kill(-9057, 9) failed: No such process
02-21 10:20:27.188 1237 1354 W libprocessgroup: kill(-9057, 9) failed: No such process
02-21 10:20:27.195 1237 1588 E AlarmManager: No more alarm at this time. nowELAPSED=864725 batch.start=878418 mNextWakeup=878418 mNextNonWakeup=864725 mAlarmBatches.size=61
02-21 10:20:27.196 1237 1588 E AlarmManager: Batch 1 size = 2 : 878418, Batch 2 size = 1 : 887626, Batch 3 size = 1 : 894624
02-21 10:20:27.196 1237 1588 E AlarmManager: No more alarm at this time. mNextWakeup will be set as zero : 878418
02-21 10:20:27.198 1237 1354 W libprocessgroup: kill(-9057, 9) failed: No such process
02-21 10:20:27.944 1237 1549 E WindowManager: win=Window{cdbc88c u0 io.ionic.starter/io.ionic.starter.MainActivity EXITING} destroySurfaces: appStopped=false win.mWindowRemovalAllowed=true win.mRemoveOnExit=true win.mViewVisibility=0 caller=com.android.server.wm.AppWindowToken.destroySurfaces:870 com.android.server.wm.AppWindowToken.destroySurfaces:851 com.android.server.wm.WindowState.onExitAnimationDone:5366 com.android.server.wm.WindowStateAnimator.onAnimationFinished:319 com.android.server.wm.WindowState.onAnimationFinished:5788 com.android.server.wm.-$$Lambda$yVRF8YoeNdTa8GR1wDStVsHu8xM.run:2 com.android.server.wm.SurfaceAnimator.lambda$getFinishedCallback$0:97
02-21 10:20:27.947 821 877 W SurfaceFlinger: Attempting to set client state on removed layer: io.ionic.starter/io.ionic.starter.MainActivity[10831]#1 [s.what : 40]
02-21 10:20:27.947 821 877 W SurfaceFlinger: Attempting to destroy on removed layer: io.ionic.starter/io.ionic.starter.MainActivity[10831]#1
02-21 10:20:27.962 1237 11115 W InputMethodManagerService: Window already focused, ignoring focus gain of: com.android.internal.view.IInputMethodClient$Stub$Proxy@2d429b attribute=null, token = android.os.BinderProxy@782a660
02-21 10:20:27.964 10831 10831 E ViewRootImpl: sendUserActionEvent() returned.
02-21 10:20:28.199 8883 8883 W Settings: Setting android_id has moved from android.provider.Settings.System to android.provider.Settings.Secure, returning read-only value.
02-21 10:20:28.201 8883 8883 W Settings: Setting android_id has moved from android.provider.Settings.System to android.provider.Settings.Secure, returning read-only value.
02-21 10:20:28.203 8883 8883 W Settings: Setting android_id has moved from android.provider.Settings.System to android.provider.Settings.Secure, returning read-only value.
02-21 10:20:28.206 8883 8883 W Settings: Setting android_id has moved from android.provider.Settings.System to android.provider.Settings.Secure, returning read-only value.
02-21 10:20:28.208 8883 8883 W Settings: Setting android_id has moved from android.provider.Settings.System to android.provider.Settings.Secure, returning read-only value.
02-21 10:20:28.211 8883 8883 W Settings: Setting android_id has moved from android.provider.Settings.System to android.provider.Settings.Secure, returning read-only value.
02-21 10:20:28.213 8883 8883 W Settings: Setting android_id has moved from android.provider.Settings.System to android.provider.Settings.Secure, returning read-only value.
02-21 10:20:28.215 8883 8883 W Settings: Setting android_id has moved from android.provider.Settings.System to android.provider.Settings.Secure, returning read-only value.
02-21 10:20:28.217 8883 8883 W Settings: Setting android_id has moved from android.provider.Settings.System to android.provider.Settings.Secure, returning read-only value.
02-21 10:20:28.219 8883 8883 W Settings: Setting android_id has moved from android.provider.Settings.System to android.provider.Settings.Secure, returning read-only value.
02-21 10:20:28.221 8883 8883 W Settings: Setting android_id has moved from android.provider.Settings.System to android.provider.Settings.Secure, returning read-only value.
02-21 10:20:28.223 8883 8883 W Settings: Setting android_id has moved from android.provider.Settings.System to android.provider.Settings.Secure, returning read-only value.
02-21 10:20:28.225 8883 8883 W Settings: Setting android_id has moved from android.provider.Settings.System to android.provider.Settings.Secure, returning read-only value.
02-21 10:20:28.227 8883 8883 W Settings: Setting android_id has moved from android.provider.Settings.System to android.provider.Settings.Secure, returning read-only value.
02-21 10:20:28.228 8883 8883 W Settings: Setting android_id has moved from android.provider.Settings.System to android.provider.Settings.Secure, returning read-only value.
02-21 10:20:28.230 8883 8883 W Settings: Setting android_id has moved from android.provider.Settings.System to android.provider.Settings.Secure, returning read-only value.
02-21 10:20:28.232 8883 8883 W Settings: Setting android_id has moved from android.provider.Settings.System to android.provider.Settings.Secure, returning read-only value.
02-21 10:20:28.234 8883 8883 W Settings: Setting android_id has moved from android.provider.Settings.System to android.provider.Settings.Secure, returning read-only value.
02-21 10:20:28.235 8883 8883 W Settings: Setting android_id has moved from android.provider.Settings.System to android.provider.Settings.Secure, returning read-only value.
02-21 10:20:28.237 8883 8883 W Settings: Setting android_id has moved from android.provider.Settings.System to android.provider.Settings.Secure, returning read-only value.
02-21 10:20:28.239 8883 8883 W Settings: Setting android_id has moved from android.provider.Settings.System to android.provider.Settings.Secure, returning read-only value.
02-21 10:20:28.241 8883 8883 W Settings: Setting android_id has moved from android.provider.Settings.System to android.provider.Settings.Secure, returning read-only value.
02-21 10:20:28.242 8883 8883 W Settings: Setting android_id has moved from android.provider.Settings.System to android.provider.Settings.Secure, returning read-only value.
02-21 10:20:28.244 8883 8883 W Settings: Setting android_id has moved from android.provider.Settings.System to android.provider.Settings.Secure, returning read-only value.
02-21 10:20:28.258 10831 10831 E ViewRootImpl: sendUserActionEvent() returned.
02-21 10:20:29.622 1237 2253 E Pageboost: vramdisk add : io.ionic.starter size : 5984256
02-21 10:20:29.622 1237 2253 E Pageboost: vramdisk stat : 6 144633856 0
02-21 10:20:29.622 2579 2579 E vramdiskd: received : a,io.ionic.starter,/data/app/io.ionic.starter-Ss8QgubpDHcgd_SpOqpULA==/base.apk,1,13500416,5984256,
02-21 10:20:29.623 2579 2579 E vramdiskd: mlock_package, io.ionic.starter, /data/app/io.ionic.starter-Ss8QgubpDHcgd_SpOqpULA==/base.apk
02-21 10:20:29.631 2579 2579 E vramdiskd: mlock_apk size : 5984256
02-21 10:20:29.632 2579 2579 E vramdiskd: mlock_package, size : 5984256
02-21 10:20:30.854 1237 1744 E ActivityManager: [ML]Received intent is null
02-21 10:20:35.154 1237 1354 W libprocessgroup: kill(-9642, 9) failed: No such process
02-21 10:20:35.265 1237 1354 W libprocessgroup: kill(-9642, 9) failed: No such process
02-21 10:20:35.278 1237 1354 W libprocessgroup: kill(-9642, 9) failed: No such process
02-21 10:20:37.148 3374 3748 W ThreadPoolDumper: Queue length for executor EventBus is now 11. Perhaps some tasks are too long, or the pool is too small.
02-21 10:20:37.686 1237 1354 W libprocessgroup: kill(-11096, 9) failed: No such process
02-21 10:20:45.229 6175 6200 W TestdroidDeviceService: MODE_WORLD_READABLE no longer supported
02-21 10:20:45.244 6186 6221 W Notification: Use of stream types is deprecated for operations other than volume control
02-21 10:20:45.244 6186 6221 W Notification: See the documentation of setSound() for what to use instead with android.media.AudioAttributes to qualify your playback use case
02-21 10:20:45.249 1237 10190 E NotificationService: No Channel found for pkg=com.bitbar.testdroid.monitor, channelId=null, id=1100, tag=null, opPkg=com.bitbar.testdroid.monitor, callingUid=10225, userId=0, incomingUserId=0, notificationUid=10225, notification=Notification(channel=null pri=0 contentView=null vibrate=null sound=null defaults=0x0 flags=0x2 color=0x00000000 vis=PRIVATE semFlags=0x0 semPriority=0 semMissedCount=0)
02-21 10:20:48.855 1237 1930 E Watchdog: !@Sync 29 [2020-02-21 10:20:48.855] FD count : 631
02-21 10:20:50.571 701 729 W CommandListener: Failed to retrieve HW addr for null (No such device)
02-21 10:20:50.578 1237 1354 W libprocessgroup: kill(-10034, 9) failed: No such process
02-21 10:20:50.591 1237 1354 W libprocessgroup: kill(-10034, 9) failed: No such process
02-21 10:20:50.596 1237 1354 W libprocessgroup: kill(-10034, 9) failed: No such process
02-21 10:20:50.599 1237 5805 W BroadcastQueue: Background execution not allowed: receiving Intent { act=android.net.wifi.STATE_CHANGE flg=0x4000010 (has extras) } to com.samsung.android.knox.containeragent/.switcher.knoxusage.KnoxUsageReceiver
02-21 10:20:50.603 1237 1351 W BroadcastQueue: Background execution not allowed: receiving Intent { act=android.net.wifi.STATE_CHANGE flg=0x4000010 (has extras) } to com.samsung.android.messaging/com.chinamobile.aisms.sdk.LocalBroadcastManager
02-21 10:20:50.607 1237 1354 W libprocessgroup: kill(-10034, 9) failed: No such process
02-21 10:20:50.613 1237 1354 W libprocessgroup: kill(-10034, 9) failed: No such process
02-21 10:20:50.620 1237 1354 W libprocessgroup: kill(-10034, 9) failed: No such process
02-21 10:20:50.628 1237 1354 W libprocessgroup: kill(-10034, 9) failed: No such process
02-21 10:20:50.631 1237 1354 W libprocessgroup: kill(-9862, 9) failed: No such process
02-21 10:20:50.652 1237 1354 W libprocessgroup: kill(-9862, 9) failed: No such process
02-21 10:20:50.658 1237 1354 W libprocessgroup: kill(-9862, 9) failed: No such process
