02-18 19:53:26.137 10707 10707 W Settings: Setting android_id has moved from android.provider.Settings.System to android.provider.Settings.Secure, returning read-only value.
02-18 19:53:26.138 10707 10707 W Settings: Setting android_id has moved from android.provider.Settings.System to android.provider.Settings.Secure, returning read-only value.
02-18 19:53:26.139 10707 10707 W Settings: Setting android_id has moved from android.provider.Settings.System to android.provider.Settings.Secure, returning read-only value.
02-18 19:53:26.140 10707 10707 W Settings: Setting android_id has moved from android.provider.Settings.System to android.provider.Settings.Secure, returning read-only value.
02-18 19:53:26.141 10707 10707 W Settings: Setting android_id has moved from android.provider.Settings.System to android.provider.Settings.Secure, returning read-only value.
02-18 19:53:26.142 10707 10707 W Settings: Setting android_id has moved from android.provider.Settings.System to android.provider.Settings.Secure, returning read-only value.
02-18 19:53:26.143 10707 10707 W Settings: Setting android_id has moved from android.provider.Settings.System to android.provider.Settings.Secure, returning read-only value.
02-18 19:53:26.145 10707 10707 W Settings: Setting android_id has moved from android.provider.Settings.System to android.provider.Settings.Secure, returning read-only value.
02-18 19:53:26.146 10707 10707 W Settings: Setting android_id has moved from android.provider.Settings.System to android.provider.Settings.Secure, returning read-only value.
02-18 19:53:26.148 10707 10707 W Settings: Setting android_id has moved from android.provider.Settings.System to android.provider.Settings.Secure, returning read-only value.
02-18 19:53:26.151 10707 10707 W Settings: Setting android_id has moved from android.provider.Settings.System to android.provider.Settings.Secure, returning read-only value.
02-18 19:53:26.152 10707 10707 W Settings: Setting android_id has moved from android.provider.Settings.System to android.provider.Settings.Secure, returning read-only value.
02-18 19:53:26.153 10707 10707 W Settings: Setting android_id has moved from android.provider.Settings.System to android.provider.Settings.Secure, returning read-only value.
02-18 19:53:26.154 10707 10707 W Settings: Setting android_id has moved from android.provider.Settings.System to android.provider.Settings.Secure, returning read-only value.
02-18 19:53:26.155 10707 10707 W Settings: Setting android_id has moved from android.provider.Settings.System to android.provider.Settings.Secure, returning read-only value.
02-18 19:53:26.157 10707 10707 W Settings: Setting android_id has moved from android.provider.Settings.System to android.provider.Settings.Secure, returning read-only value.
02-18 19:53:26.159 10707 10707 W Settings: Setting android_id has moved from android.provider.Settings.System to android.provider.Settings.Secure, returning read-only value.
02-18 19:53:26.162 10707 10707 W Settings: Setting android_id has moved from android.provider.Settings.System to android.provider.Settings.Secure, returning read-only value.
02-18 19:53:26.164 10707 10707 W Settings: Setting android_id has moved from android.provider.Settings.System to android.provider.Settings.Secure, returning read-only value.
02-18 19:53:26.167 10707 10707 W Settings: Setting android_id has moved from android.provider.Settings.System to android.provider.Settings.Secure, returning read-only value.
02-18 19:53:26.169 10707 10707 W Settings: Setting android_id has moved from android.provider.Settings.System to android.provider.Settings.Secure, returning read-only value.
02-18 19:53:26.170 10707 10707 W Settings: Setting android_id has moved from android.provider.Settings.System to android.provider.Settings.Secure, returning read-only value.
02-18 19:53:26.171 10707 10707 W Settings: Setting android_id has moved from android.provider.Settings.System to android.provider.Settings.Secure, returning read-only value.
02-18 19:53:26.172 10707 10707 W Settings: Setting android_id has moved from android.provider.Settings.System to android.provider.Settings.Secure, returning read-only value.
02-18 19:53:31.271 3927 10070 E ActivityManager: getPackageFromAppProcesses, return null :14370
02-18 19:53:31.292 14372 14372 E Zygote : isWhitelistProcess - Process is Whitelisted
02-18 19:53:31.293 14372 14372 E Zygote : accessInfo : 1
02-18 19:53:31.302 14372 14372 E .cyberagent.st: Not starting debugger since process cannot load the jdwp agent.
02-18 19:53:31.304 5058 5058 E adbd : failed to connect to socket 'localabstract:stfservice': Connection refused
02-18 19:53:31.439 14372 14372 W Notification: Use of stream types is deprecated for operations other than volume control
02-18 19:53:31.439 14372 14372 W Notification: See the documentation of setSound() for what to use instead with android.media.AudioAttributes to qualify your playback use case
02-18 19:53:31.452 3543 3637 E IptablesRestoreController: [iptables debug]iptables-restore execute *filter
02-18 19:53:31.452 3543 3637 E IptablesRestoreController: -D fw_standby_uid -m owner --uid-owner 10197 -j DROP
02-18 19:53:31.452 3543 3637 E IptablesRestoreController: COMMIT
02-18 19:53:31.461 3543 3637 E IptablesRestoreController: [iptables debug]iptables-restore execute done *filter
02-18 19:53:31.461 3543 3637 E IptablesRestoreController: -D fw_standby_uid -m owner --uid-owner 10197 -j DROP
02-18 19:53:31.461 3543 3637 E IptablesRestoreController: COMMIT
02-18 19:53:31.461 3543 3637 E IptablesRestoreController: , res : 0
02-18 19:53:31.691 14365 14365 E SemAffinityControl: SemAffinityControl: registerfunction enter
02-18 19:53:34.753 5058 5058 E adbd : failed to connect to socket 'localabstract:minicap': Connection refused
02-18 19:53:34.816 3379 3379 E HWComposer: getSupportedPerFrameMetadata failed for display -1: Invalid display
02-18 19:53:46.412 14434 14434 E Zygote : isWhitelistProcess - Process is Whitelisted
02-18 19:53:46.412 14434 14434 E Zygote : accessInfo : 1
02-18 19:53:46.419 14434 14434 E id.defcontaine: Not starting debugger since process cannot load the jdwp agent.
02-18 19:53:46.641 3927 3983 W PackageManager: verifying app can be installed or not
02-18 19:53:46.647 14449 14449 E Zygote : isWhitelistProcess - Process is Whitelisted
02-18 19:53:46.648 14449 14449 E Zygote : accessInfo : 1
02-18 19:53:46.654 14449 14449 E ndroid.game.go: Not starting debugger since process cannot load the jdwp agent.
02-18 19:53:46.670 3927 3983 W SELinux : SELinux: set fc_digest(/data/app/io.ionic.starter-SBhPd4lacjNDsjgGaJ9y3Q==)
02-18 19:53:46.821 3534 3534 E : Secure Storage PM failed!
02-18 19:53:46.821 3927 3983 W PackageManager: Can't run secure_storage_pm!
02-18 19:53:46.848 3534 3534 E : Couldn't opendir /data/app/vmdl1120936269.tmp: No such file or directory
02-18 19:53:46.848 3534 3534 E installd: Failed to delete /data/app/vmdl1120936269.tmp: No such file or directory
02-18 19:53:46.870 3543 3637 E IptablesRestoreController: [iptables debug]iptables-restore execute *filter
02-18 19:53:46.870 3543 3637 E IptablesRestoreController: -A fw_standby_uid -m owner --uid-owner 10009 -j DROP
02-18 19:53:46.870 3543 3637 E IptablesRestoreController: COMMIT
02-18 19:53:46.877 3543 3637 E IptablesRestoreController: [iptables debug]iptables-restore execute done *filter
02-18 19:53:46.877 3543 3637 E IptablesRestoreController: -A fw_standby_uid -m owner --uid-owner 10009 -j DROP
02-18 19:53:46.877 3543 3637 E IptablesRestoreController: COMMIT
02-18 19:53:46.877 3543 3637 E IptablesRestoreController: , res : 0
02-18 19:53:46.911 3927 14476 W ContextImpl: Calling a method in the system process without a qualified user: android.app.ContextImpl.sendBroadcast:1067 com.samsung.android.dapservice.MlDapService$1.lambda$onReceive$0:41 com.samsung.android.dapservice.-$$Lambda$MlDapService$1$9qlL16Pfscs1v6ITrzmXWq42B0E.run:4 java.lang.Thread.run:764
02-18 19:53:46.924 14478 14478 E Zygote : isWhitelistProcess - Process is Whitelisted
02-18 19:53:46.924 14478 14478 E Zygote : accessInfo : 1
02-18 19:53:46.932 14478 14478 E id.app.appsedg: Not starting debugger since process cannot load the jdwp agent.
02-18 19:53:46.940 3927 6022 E ActivityManager: getPackageFromAppProcesses, return null :14473
02-18 19:53:46.940 3927 3927 E SDAgentPackageStateReceiver: Not going to handle 'io.ionic.starter'!
02-18 19:53:46.998 3927 3945 W ActivityManager: Slow operation: 90ms so far, now at startProcess: done updating battery stats
02-18 19:53:47.000 3927 3945 W ActivityManager: Slow operation: 92ms so far, now at startProcess: building log message
02-18 19:53:47.000 3927 3945 W ActivityManager: Slow operation: 92ms so far, now at startProcess: starting to update pids map
02-18 19:53:47.000 3927 3945 W ActivityManager: Slow operation: 92ms so far, now at startProcess: done updating pids map
02-18 19:53:47.002 4234 4234 E Telephony: PhoneInterfaceManager: [PhoneIntfMgr] getCarrierPackageNamesForIntent: No UICC
02-18 19:53:47.003 4234 4234 E Telephony: PhoneInterfaceManager: [PhoneIntfMgr] getCarrierPackageNamesForIntent: No UICC
02-18 19:53:47.025 4234 4234 E VVM.VvmPkgInstalledRcvr: cannot create TelephonyManager from ComponentInfo{com.android.phone/com.android.services.telephony.TelephonyConnectionService}, ***, UserHandle{0}
02-18 19:53:47.037 14494 14494 E Zygote : isWhitelistProcess - Process is Whitelisted
02-18 19:53:47.038 14494 14494 E Zygote : accessInfo : 1
02-18 19:53:47.073 3927 3927 W LoadedApk: Slow system_server main thread handled for android.intent.action.PACKAGE_ADDED took 131 ms, Receiver = android.content.pm.RegisteredServicesCache$1@7e8ecea
02-18 19:53:47.073 3927 3927 W Looper : Slow dispatch took 131ms main h=android.app.ActivityThread$H c=android.app.-$$Lambda$LoadedApk$ReceiverDispatcher$Args$_BumDX2UKsnxLVrE6UJsJZkotuA@ffc9875 m=0
02-18 19:53:47.073 3927 3927 W Looper : Slow system_server main looper dispatch took 131ms h=android.app.ActivityThread$H c=android.app.-$$Lambda$LoadedApk$ReceiverDispatcher$Args$_BumDX2UKsnxLVrE6UJsJZkotuA@ffc9875 m=0
02-18 19:53:47.075 3927 3927 W Looper : Slow delivery took 212ms main h=android.app.ActivityThread$H c=android.app.-$$Lambda$LoadedApk$ReceiverDispatcher$Args$_BumDX2UKsnxLVrE6UJsJZkotuA@a37007b m=0
02-18 19:53:47.075 3927 3927 W Looper : Slow system_server main looper delivery took 212ms h=android.app.ActivityThread$H c=android.app.-$$Lambda$LoadedApk$ReceiverDispatcher$Args$_BumDX2UKsnxLVrE6UJsJZkotuA@a37007b m=0
02-18 19:53:47.146 3379 3412 E BufferQueueProducer: [com.android.systemui.infinity.InfinityWallpaperBlack[4394]#0] disconnect: not connected (req=1)
02-18 19:53:47.146 4394 4743 W libEGL : EGLNativeWindowType 0x79c37a0010 disconnect failed
02-18 19:53:47.153 3379 3412 E BufferQueueProducer: [com.sec.android.app.launcher/com.sec.android.app.launcher.activities.LauncherActivity[5371]#0] disconnect: not connected (req=1)
02-18 19:53:47.154 5371 5745 W libEGL : EGLNativeWindowType 0x7976bf6010 disconnect failed
02-18 19:53:47.184 3543 3637 E IptablesRestoreController: [iptables debug]iptables-restore execute *filter
02-18 19:53:47.184 3543 3637 E IptablesRestoreController: -D fw_standby_uid -m owner --uid-owner 10009 -j DROP
02-18 19:53:47.184 3543 3637 E IptablesRestoreController: COMMIT
02-18 19:53:47.186 3927 3927 W Looper : Drained
02-18 19:53:47.187 3927 3945 W ActivityManager: Slow operation: 75ms so far, now at startProcess: returned from zygote!
02-18 19:53:47.187 3927 3945 W ActivityManager: Slow operation: 75ms so far, now at startProcess: done updating battery stats
02-18 19:53:47.187 3927 3945 W ActivityManager: Slow operation: 76ms so far, now at startProcess: building log message
02-18 19:53:47.187 3927 3945 W ActivityManager: Slow operation: 76ms so far, now at startProcess: starting to update pids map
02-18 19:53:47.187 3927 3945 W ActivityManager: Slow operation: 76ms so far, now at startProcess: done updating pids map
02-18 19:53:47.189 14517 14517 E Zygote : isWhitelistProcess - Process is Whitelisted
02-18 19:53:47.189 14517 14517 E Zygote : accessInfo : 1
02-18 19:53:47.193 3927 10070 E WindowManager: win=Window{a3feb85 u0 com.sec.android.app.launcher/com.sec.android.app.launcher.activities.LauncherActivity} destroySurfaces: appStopped=false win.mWindowRemovalAllowed=false win.mRemoveOnExit=false win.mViewVisibility=8 caller=com.android.server.wm.WindowManagerService.tryStartExitingAnimation:2752 com.android.server.wm.WindowManagerService.relayoutWindow:2450 com.android.server.wm.Session.relayoutForTranslate:302 android.view.IWindowSession$Stub.onTransact:518 com.android.server.wm.Session.onTransact:186 android.os.Binder.execTransact:739
02-18 19:53:47.194 3543 3637 E IptablesRestoreController: [iptables debug]iptables-restore execute done *filter
02-18 19:53:47.194 3543 3637 E IptablesRestoreController: -D fw_standby_uid -m owner --uid-owner 10009 -j DROP
02-18 19:53:47.194 3543 3637 E IptablesRestoreController: COMMIT
02-18 19:53:47.194 3543 3637 E IptablesRestoreController: , res : 0
02-18 19:53:47.200 5229 5276 W System.err: java.lang.NullPointerException: Attempt to read from field 'java.lang.String aF.q.mPackageName' on a null object reference
02-18 19:53:47.200 5229 5276 W System.err: at aF.f.a(Unknown Source:134)
02-18 19:53:47.200 5229 5276 W System.err: at aF.M.a(Unknown Source:350)
02-18 19:53:47.200 5229 5276 W System.err: at aF.M.a(Unknown Source:2)
02-18 19:53:47.200 5229 5276 W System.err: at com.sec.android.sdhms.common.o.y(Unknown Source:22)
02-18 19:53:47.200 5229 5276 W System.err: at k.d.noteResumeComponent(Unknown Source:33)
02-18 19:53:47.200 5229 5276 W System.err: at com.samsung.android.app.usage.IUsageStatsWatcher$Stub.onTransact(IUsageStatsWatcher.java:67)
02-18 19:53:47.200 5229 5276 W System.err: at android.os.Binder.execTransact(Binder.java:739)
02-18 19:53:47.204 14517 14517 E ung.aasaservic: Not starting debugger since process cannot load the jdwp agent.
02-18 19:53:47.230 14449 14499 W GOS:MainIntentService: onHandleIntent(), pkgData == null. do nothing. packageName(io.ionic.starter)
02-18 19:53:47.251 5615 6141 W SearchServiceCore: Abort, client detached.
02-18 19:53:47.277 3927 3967 E EdmStorageProvider: Admin not in database, something went wrong
02-18 19:53:47.278 3927 3967 E EdmStorageProvider: Admin not in database, something went wrong
02-18 19:53:47.279 3927 3967 E EdmStorageProvider: Admin not in database, something went wrong
02-18 19:53:47.280 3927 3967 E EdmStorageProvider: Admin not in database, something went wrong
02-18 19:53:47.280 3927 3967 E EdmStorageProvider: Admin not in database, something went wrong
02-18 19:53:47.281 3927 3967 E EdmStorageProvider: Admin not in database, something went wrong
02-18 19:53:47.286 3927 3967 E EdmStorageProvider: Admin not in database, something went wrong
02-18 19:53:47.286 3927 3967 E EdmStorageProvider: Admin not in database, something went wrong
02-18 19:53:47.287 3927 3967 E EdmStorageProvider: Admin not in database, something went wrong
02-18 19:53:47.374 14517 14545 E AASAservice-TokenRule: parseToken() : TokenFile is null
02-18 19:53:47.380 4434 14543 W GCM : Unexpected forwarded intent: Intent { act=android.intent.action.PACKAGE_ADDED dat=package:io.ionic.starter flg=0x4000010 cmp=com.google.android.gms/.chimera.PersistentIntentOperationService (has extras) }
02-18 19:53:47.388 3927 9254 E AASA_AASATokenParser_RESTRICTED: set xml file does not exist
02-18 19:53:47.391 14517 14545 E AASAservice-IntentThread: AASAIntentThread : myrule is null.
02-18 19:53:47.392 4434 14547 W GCM : Unexpected forwarded intent: Intent { act=android.intent.action.PACKAGE_ADDED dat=package:io.ionic.starter flg=0x4000010 cmp=com.google.android.gms/.chimera.PersistentIntentOperationService (has extras) }
02-18 19:53:47.404 14550 14550 E Zygote : isWhitelistProcess - Process is Whitelisted
02-18 19:53:47.405 14550 14550 E Zygote : accessInfo : 1
02-18 19:53:47.438 14550 14550 E id.bbc.bbcagen: Not starting debugger since process cannot load the jdwp agent.
02-18 19:53:47.471 14571 14571 E Zygote : isWhitelistProcess - Process is Whitelisted
02-18 19:53:47.472 14571 14571 E Zygote : accessInfo : 1
02-18 19:53:47.484 14571 14571 E webview_servic: Not starting debugger since process cannot load the jdwp agent.
02-18 19:53:47.485 14494 14578 W o.ionic.starte: Accessing hidden method Landroid/content/Context;->bindServiceAsUser(Landroid/content/Intent;Landroid/content/ServiceConnection;ILandroid/os/Handler;Landroid/os/UserHandle;)Z (light greylist, reflection)
02-18 19:53:47.518 14494 14494 E chromium: [ERROR:filesystem_posix.cc(62)] mkdir /data/user/0/io.ionic.starter/cache/WebView/Crashpad: No such file or directory (2)
02-18 19:53:47.530 14590 14590 E Zygote : accessInfo : 0
02-18 19:53:47.537 14590 14590 E dboxed_process: Not starting debugger since process cannot load the jdwp agent.
02-18 19:53:47.550 14571 14571 W webview_servic: JIT profile information will not be recorded: profile file does not exits.
02-18 19:53:47.551 14571 14571 W webview_servic: JIT profile information will not be recorded: profile file does not exits.
02-18 19:53:47.592 14494 14615 W chromium: [WARNING:dns_config_service_posix.cc(341)] Failed to read DnsConfig.
02-18 19:53:47.610 3927 12248 W ContextImpl: Calling a method in the system process without a qualified user: android.app.ContextImpl.sendBroadcast:1082 com.android.server.am.ActivityManagerService.requestKnoxVpnToSendProxyBroadcast:32387 com.android.server.am.ActivityManagerService.registerReceiver:25451 android.app.IActivityManager$Stub.onTransact$registerReceiver$:10899 android.app.IActivityManager$Stub.onTransact:126
02-18 19:53:47.629 3927 9639 E AutofillManagerServiceImpl: Bad AutofillService name: none
02-18 19:53:47.642 3927 3942 W SearchableInfo: Invalid searchable metadata for com.samsung.android.messaging/.ui.view.recipientspicker.PickerActivity: Search label must be a resource reference.
02-18 19:53:47.669 3927 3946 W libprocessgroup: kill(-13554, 9) failed: No such process
02-18 19:53:47.679 3927 3946 W libprocessgroup: kill(-13554, 9) failed: No such process
02-18 19:53:47.686 3927 3946 W libprocessgroup: kill(-13554, 9) failed: No such process
02-18 19:53:47.693 3927 3946 W libprocessgroup: kill(-13554, 9) failed: No such process
02-18 19:53:47.701 3927 3946 W libprocessgroup: kill(-13554, 9) failed: No such process
02-18 19:53:47.704 14632 14632 E Zygote : isWhitelistProcess - Process is Whitelisted
02-18 19:53:47.706 14632 14632 E Zygote : accessInfo : 1
02-18 19:53:47.709 3927 3946 W libprocessgroup: kill(-13554, 9) failed: No such process
02-18 19:53:47.715 3927 3946 W libprocessgroup: kill(-13554, 9) failed: No such process
02-18 19:53:47.725 3927 3946 W libprocessgroup: kill(-13554, 9) failed: No such process
02-18 19:53:47.726 14632 14632 E roid.da.daagen: Not starting debugger since process cannot load the jdwp agent.
02-18 19:53:47.736 3927 3946 W libprocessgroup: kill(-13554, 9) failed: No such process
02-18 19:53:47.744 3927 3946 W libprocessgroup: kill(-13554, 9) failed: No such process
02-18 19:53:47.751 3927 3946 W libprocessgroup: kill(-13554, 9) failed: No such process
02-18 19:53:47.759 3927 3946 W libprocessgroup: kill(-13554, 9) failed: No such process
02-18 19:53:47.768 3927 3946 W libprocessgroup: kill(-13554, 9) failed: No such process
02-18 19:53:47.779 3927 3946 W libprocessgroup: kill(-13554, 9) failed: No such process
02-18 19:53:47.779 3927 3942 W SearchableInfo: Invalid searchable metadata for com.google.android.gms/.nearby.sharing.ContactSelectActivity: Search label must be a resource reference.
02-18 19:53:47.788 3927 3946 W libprocessgroup: kill(-13554, 9) failed: No such process
02-18 19:53:47.794 3927 3946 W libprocessgroup: kill(-13554, 9) failed: No such process
02-18 19:53:47.795 3927 3946 W libprocessgroup: kill(-11602, 9) failed: No such process
02-18 19:53:47.881 3927 3942 W SearchableInfo: Invalid searchable metadata for com.samsung.android.themestore/.activity.bixby.SearchActivityForBixby: Search label must be a resource reference.
02-18 19:53:47.918 3927 9254 W BroadcastQueue: Background execution not allowed: receiving Intent { act=android.intent.action.PACKAGE_ADDED dat=package:io.ionic.starter flg=0x4000010 (has extras) } to com.android.vending/com.google.android.finsky.packagemanager.impl.PackageMonitorReceiverImpl$RegisteredReceiver
02-18 19:53:47.922 3927 3946 W libprocessgroup: kill(-13599, 9) failed: No such process
02-18 19:53:47.923 3927 3943 W BroadcastQueue: Background execution not allowed: receiving Intent { act=android.intent.action.PACKAGE_ADDED dat=package:io.ionic.starter flg=0x4000010 (has extras) } to com.facebook.appmanager/com.facebook.oxygen.common.packages.event.manifest.ManifestPackageEventReceiver
02-18 19:53:47.923 3927 3943 W BroadcastQueue: Background execution not allowed: receiving Intent { act=android.intent.action.PACKAGE_ADDED dat=package:io.ionic.starter flg=0x4000010 (has extras) } to com.google.android.gms/.games.chimera.GamesSystemBroadcastReceiverProxy
02-18 19:53:47.924 3927 3943 W BroadcastQueue: Background execution not allowed: receiving Intent { act=android.intent.action.PACKAGE_ADDED dat=package:io.ionic.starter flg=0x4000010 (has extras) } to com.google.android.gms/.gass.chimera.PackageChangeBroadcastReceiver
02-18 19:53:47.924 3927 3943 W BroadcastQueue: Background execution not allowed: receiving Intent { act=android.intent.action.PACKAGE_ADDED dat=package:io.ionic.starter flg=0x4000010 (has extras) } to com.google.android.gms/.chimera.GmsIntentOperationService$PersistentTrustedReceiver
02-18 19:53:47.929 3927 3943 W BroadcastQueue: Background execution not allowed: receiving Intent { act=android.intent.action.PACKAGE_ADDED dat=package:io.ionic.starter flg=0x4000010 (has extras) } to com.google.android.googlequicksearchbox/com.google.android.apps.gsa.googlequicksearchbox.GelStubAppWatcher
02-18 19:53:47.930 3927 3943 W BroadcastQueue: Background execution not allowed: receiving Intent { act=android.intent.action.PACKAGE_ADDED dat=package:io.ionic.starter flg=0x4000010 (has extras) } to com.microsoft.office.excel/com.microsoft.office.notification.SystemBroadcastReceiver
02-18 19:53:47.930 3927 3943 W BroadcastQueue: Background execution not allowed: receiving Intent { act=android.intent.action.PACKAGE_ADDED dat=package:io.ionic.starter flg=0x4000010 (has extras) } to com.microsoft.office.excel/com.microsoft.android.crosssell.PackageStateReceiver
02-18 19:53:47.931 3927 3943 W BroadcastQueue: Background execution not allowed: receiving Intent { act=android.intent.action.PACKAGE_ADDED dat=package:io.ionic.starter flg=0x4000010 (has extras) } to com.microsoft.office.powerpoint/com.microsoft.office.notification.SystemBroadcastReceiver
02-18 19:53:47.931 3927 3943 W BroadcastQueue: Background execution not allowed: receiving Intent { act=android.intent.action.PACKAGE_ADDED dat=package:io.ionic.starter flg=0x4000010 (has extras) } to com.microsoft.office.powerpoint/com.microsoft.android.crosssell.PackageStateReceiver
02-18 19:53:47.931 3927 3943 W BroadcastQueue: Background execution not allowed: receiving Intent { act=android.intent.action.PACKAGE_ADDED dat=package:io.ionic.starter flg=0x4000010 (has extras) } to com.microsoft.office.word/com.microsoft.office.notification.SystemBroadcastReceiver
02-18 19:53:47.933 3927 3943 W BroadcastQueue: Background execution not allowed: receiving Intent { act=android.intent.action.PACKAGE_ADDED dat=package:io.ionic.starter flg=0x4000010 (has extras) } to com.microsoft.office.word/com.microsoft.android.crosssell.PackageStateReceiver
02-18 19:53:47.934 3927 3943 W BroadcastQueue: Background execution not allowed: receiving Intent { act=android.intent.action.PACKAGE_ADDED dat=package:io.ionic.starter flg=0x4000010 (has extras) } to com.samsung.accessibility/.assistantmenu.AssistantMenuReceiver
02-18 19:53:47.933 3927 3946 W libprocessgroup: kill(-13599, 9) failed: No such process
02-18 19:53:47.938 3927 3946 W libprocessgroup: kill(-13599, 9) failed: No such process
02-18 19:53:47.944 3927 3946 W libprocessgroup: kill(-13599, 9) failed: No such process
02-18 19:53:47.956 3927 3946 W libprocessgroup: kill(-13599, 9) failed: No such process
02-18 19:53:47.962 3927 5379 W BroadcastQueue: Background execution not allowed: receiving Intent { act=android.intent.action.PACKAGE_ADDED dat=package:io.ionic.starter flg=0x4000010 (has extras) } to com.samsung.android.app.soundpicker/.HunReceiver
02-18 19:53:47.962 3927 3946 W libprocessgroup: kill(-13599, 9) failed: No such process
02-18 19:53:47.970 3927 3946 W libprocessgroup: kill(-13599, 9) failed: No such process
02-18 19:53:47.974 3927 5379 W ActivityManager: wait for provider publish: waiters=1 callerApp=ProcessRecord{ed0af93d0 13806:com.samsung.android.app.cocktailbarservice:edgelighting/u0a15} cpr=ContentProviderRecord{30bbbd0 u0 com.samsung.android.sm.policy/com.samsung.android.scpm.db.ScpmProvider}
02-18 19:53:47.978 3927 3946 W libprocessgroup: kill(-13599, 9) failed: No such process
02-18 19:53:47.985 3927 3946 W libprocessgroup: kill(-13599, 9) failed: No such process
02-18 19:53:47.992 3927 3946 W libprocessgroup: kill(-13599, 9) failed: No such process
02-18 19:53:48.000 3927 3946 W libprocessgroup: kill(-13599, 9) failed: No such process
02-18 19:53:48.001 14656 14656 E Zygote : isWhitelistProcess - Process is Whitelisted
02-18 19:53:48.001 14656 14656 E Zygote : accessInfo : 1
02-18 19:53:48.012 3927 3946 W libprocessgroup: kill(-13599, 9) failed: No such process
02-18 19:53:48.019 14656 14656 E id.app.taskedg: Not starting debugger since process cannot load the jdwp agent.
02-18 19:53:48.029 3927 3945 W ActivityManager: Slow operation: 56ms so far, now at startProcess: returned from zygote!
02-18 19:53:48.029 3927 3945 W ActivityManager: Slow operation: 57ms so far, now at startProcess: done updating battery stats
02-18 19:53:48.031 3927 3945 W ActivityManager: Slow operation: 59ms so far, now at startProcess: building log message
02-18 19:53:48.031 3927 3945 W ActivityManager: Slow operation: 59ms so far, now at startProcess: starting to update pids map
02-18 19:53:48.031 3927 3945 W ActivityManager: Slow operation: 59ms so far, now at startProcess: done updating pids map
02-18 19:53:48.033 14494 14614 W o.ionic.starte: Accessing hidden method Landroid/media/AudioManager;->getOutputLatency(I)I (light greylist, reflection)
02-18 19:53:48.039 14670 14670 E Zygote : isWhitelistProcess - Process is Whitelisted
02-18 19:53:48.039 14670 14670 E Zygote : accessInfo : 1
02-18 19:53:48.052 14494 14614 W cr_media: Requires BLUETOOTH permission
02-18 19:53:48.064 3927 3942 E AutofillManagerServiceImpl: Bad AutofillService name: none
02-18 19:53:48.075 14670 14670 E droid.sm.polic: Not starting debugger since process cannot load the jdwp agent.
02-18 19:53:48.096 14494 14676 W AudioCapabilities: Unsupported mime audio/ac4
02-18 19:53:48.097 14494 14676 W AudioCapabilities: Unsupported mime audio/x-ima
02-18 19:53:48.108 14494 14676 W AudioCapabilities: Unsupported mime audio/x-ape
02-18 19:53:48.123 14494 14676 W AudioCapabilities: Unsupported mime audio/eac3-joc
02-18 19:53:48.125 14494 14676 W AudioCapabilities: Unsupported mime audio/evrc
02-18 19:53:48.126 3927 3946 W libprocessgroup: kill(-13226, 9) failed: No such process
02-18 19:53:48.131 3927 3946 W libprocessgroup: kill(-13226, 9) failed: No such process
02-18 19:53:48.136 14494 14676 W AudioCapabilities: Unsupported mime audio/mpeg-L1
02-18 19:53:48.136 3927 3946 W libprocessgroup: kill(-13226, 9) failed: No such process
02-18 19:53:48.137 14494 14676 W AudioCapabilities: Unsupported mime audio/mpeg-L2
02-18 19:53:48.142 14494 14676 W AudioCapabilities: Unsupported mime audio/qcelp
02-18 19:53:48.142 3927 3946 W libprocessgroup: kill(-13226, 9) failed: No such process
02-18 19:53:48.145 14494 14676 W AudioCapabilities: Unsupported mime audio/x-ms-wma
02-18 19:53:48.148 3927 3946 W libprocessgroup: kill(-13226, 9) failed: No such process
02-18 19:53:48.154 14494 14676 W AudioCapabilities: Unsupported mime audio/evrc
02-18 19:53:48.156 14494 14676 W AudioCapabilities: Unsupported mime audio/qcelp
02-18 19:53:48.173 3927 3946 W libprocessgroup: kill(-13226, 9) failed: No such process
02-18 19:53:48.179 3927 3946 W libprocessgroup: kill(-13226, 9) failed: No such process
02-18 19:53:48.185 14494 14676 W VideoCapabilities: Unrecognized profile 4 for video/hevc
02-18 19:53:48.201 14494 14676 W VideoCapabilities: Unsupported mime video/mp43
02-18 19:53:48.201 3927 3946 W libprocessgroup: kill(-13226, 9) failed: No such process
02-18 19:53:48.207 5371 5439 E ItemInfo: use iconCache due to icon managing policy
02-18 19:53:48.208 3927 3946 W libprocessgroup: kill(-13226, 9) failed: No such process
02-18 19:53:48.210 14494 14627 E cr_PlatformSer-Internal: UsageReporting query failed
02-18 19:53:48.211 3927 4166 W BackupManagerService: dataChanged but no participant pkg='com.sec.android.app.launcher' uid=10089
02-18 19:53:48.217 3927 3946 W libprocessgroup: kill(-13226, 9) failed: No such process
02-18 19:53:48.222 3927 3946 W libprocessgroup: kill(-13226, 9) failed: No such process
02-18 19:53:48.224 5371 5371 W AppsContainerUpdater: Launcher window is still not attached
02-18 19:53:48.227 14494 14676 W VideoCapabilities: Unrecognized profile/level 1/32 for video/mp4v-es
02-18 19:53:48.227 14494 14676 W VideoCapabilities: Unrecognized profile/level 32768/2 for video/mp4v-es
02-18 19:53:48.227 14494 14676 W VideoCapabilities: Unrecognized profile/level 32768/64 for video/mp4v-es
02-18 19:53:48.228 3927 3946 W libprocessgroup: kill(-13226, 9) failed: No such process
02-18 19:53:48.229 14494 14676 W VideoCapabilities: Unsupported mime video/wvc1
02-18 19:53:48.231 14494 14676 W VideoCapabilities: Unsupported mime video/wvc1
02-18 19:53:48.234 3927 3946 W libprocessgroup: kill(-13226, 9) failed: No such process
02-18 19:53:48.239 3927 3946 W libprocessgroup: kill(-13226, 9) failed: No such process
02-18 19:53:48.244 3927 3946 W libprocessgroup: kill(-13226, 9) failed: No such process
02-18 19:53:48.249 3927 3946 W libprocessgroup: kill(-13226, 9) failed: No such process
02-18 19:53:48.256 3927 3946 W libprocessgroup: kill(-13226, 9) failed: No such process
02-18 19:53:48.257 14494 14676 W VideoCapabilities: Unsupported mime video/x-ms-wmv7
02-18 19:53:48.225 3927 4166 W BackupManagerService: dataChanged but no participant pkg='com.sec.android.app.launcher' uid=10089
02-18 19:53:48.261 14494 14676 W VideoCapabilities: Unsupported mime video/x-ms-wmv8
02-18 19:53:48.269 3927 3946 W libprocessgroup: kill(-13226, 9) failed: No such process
02-18 19:53:48.275 3927 3946 W libprocessgroup: kill(-13226, 9) failed: No such process
02-18 19:53:48.283 3927 3946 W libprocessgroup: kill(-13226, 9) failed: No such process
02-18 19:53:48.288 3927 3946 W libprocessgroup: kill(-13226, 9) failed: No such process
02-18 19:53:48.289 5159 8289 W Conscrypt: Could not set socket write timeout: java.net.SocketException: Socket closed
02-18 19:53:48.289 5159 8289 W Conscrypt: at com.google.android.gms.org.conscrypt.Platform.setSocketWriteTimeout(:com.google.android.gms@19530037@19.5.30 (100400-275531062):2)
02-18 19:53:48.289 5159 8289 W Conscrypt: at com.google.android.gms.org.conscrypt.ConscryptFileDescriptorSocket.setSoWriteTimeout(:com.google.android.gms@19530037@19.5.30 (100400-275531062):2)
02-18 19:53:48.295 3927 3946 W libprocessgroup: kill(-13226, 9) failed: No such process
02-18 19:53:48.300 3927 3946 W libprocessgroup: kill(-13226, 9) failed: No such process
02-18 19:53:48.305 5159 8289 W Conscrypt: Could not set socket write timeout: java.net.SocketException: Socket closed
02-18 19:53:48.305 5159 8289 W Conscrypt: at com.google.android.gms.org.conscrypt.Platform.setSocketWriteTimeout(:com.google.android.gms@19530037@19.5.30 (100400-275531062):2)
02-18 19:53:48.305 5159 8289 W Conscrypt: at com.google.android.gms.org.conscrypt.ConscryptFileDescriptorSocket.setSoWriteTimeout(:com.google.android.gms@19530037@19.5.30 (100400-275531062):2)
02-18 19:53:48.305 3927 3946 W libprocessgroup: kill(-13226, 9) failed: No such process
02-18 19:53:48.311 3927 3946 W libprocessgroup: kill(-13226, 9) failed: No such process
02-18 19:53:48.340 3927 3946 W libprocessgroup: kill(-13226, 9) failed: No such process
02-18 19:53:48.348 3927 3946 W libprocessgroup: kill(-13226, 9) failed: No such process
02-18 19:53:48.411 3927 9254 W AlarmManager: Suspiciously short interval 300 millis; expanding to 60 seconds
02-18 19:53:48.412 3927 4045 E WindowManager: win=Window{6ad19b9 u0 Splash Screen io.ionic.starter EXITING} destroySurfaces: appStopped=false win.mWindowRemovalAllowed=true win.mRemoveOnExit=true win.mViewVisibility=0 caller=com.android.server.wm.AppWindowToken.destroySurfaces:870 com.android.server.wm.AppWindowToken.destroySurfaces:851 com.android.server.wm.WindowState.onExitAnimationDone:5406 com.android.server.wm.WindowStateAnimator.onAnimationFinished:319 com.android.server.wm.WindowState.onAnimationFinished:5828 com.android.server.wm.-$$Lambda$yVRF8YoeNdTa8GR1wDStVsHu8xM.run:2 com.android.server.wm.SurfaceAnimator.lambda$getFinishedCallback$0:97
02-18 19:53:48.416 3379 4699 W SurfaceFlinger: Attempting to set client state on removed layer: Splash Screen io.ionic.starter#0 [s.what : 40]
02-18 19:53:48.416 3379 4699 W SurfaceFlinger: Attempting to destroy on removed layer: Splash Screen io.ionic.starter#0
02-18 19:53:48.462 3927 3946 W libprocessgroup: kill(-13672, 9) failed: No such process
02-18 19:53:48.475 3927 3946 W libprocessgroup: kill(-13672, 9) failed: No such process
02-18 19:53:48.480 3927 3946 W libprocessgroup: kill(-13672, 9) failed: No such process
02-18 19:53:48.482 14738 14738 E Zygote : isWhitelistProcess - Process is Whitelisted
02-18 19:53:48.483 14738 14738 E Zygote : accessInfo : 1
02-18 19:53:48.485 3927 3946 W libprocessgroup: kill(-13672, 9) failed: No such process
02-18 19:53:48.494 3927 3946 W libprocessgroup: kill(-13672, 9) failed: No such process
02-18 19:53:48.499 3927 3946 W libprocessgroup: kill(-13672, 9) failed: No such process
02-18 19:53:48.504 14738 14738 E oid.bixby.agen: Not starting debugger since process cannot load the jdwp agent.
02-18 19:53:48.505 3927 3946 W libprocessgroup: kill(-13672, 9) failed: No such process
02-18 19:53:48.524 3546 3703 E storaged: getDiskStats failed with result NOT_SUPPORTED and size 0
02-18 19:53:48.520 3927 3946 W libprocessgroup: kill(-13672, 9) failed: No such process
02-18 19:53:48.529 3927 3946 W libprocessgroup: kill(-13672, 9) failed: No such process
02-18 19:53:48.754 3927 3946 W libprocessgroup: kill(-13701, 9) failed: No such process
02-18 19:53:48.756 14738 14738 E libc : Access denied finding property "ro.serialno"
02-18 19:53:48.760 3927 3946 W libprocessgroup: kill(-13701, 9) failed: No such process
02-18 19:53:48.766 3927 3946 W libprocessgroup: kill(-13701, 9) failed: No such process
02-18 19:53:48.773 3927 3946 W libprocessgroup: kill(-13701, 9) failed: No such process
02-18 19:53:48.775 5371 5503 E SQLiteLog: (1) near "color": syntax error
02-18 19:53:48.775 5371 5503 E LauncherProvider: query failed : android.database.sqlite.SQLiteException: near "color": syntax error (code 1 SQLITE_ERROR[1]): , while compiling: SELECT container, itemType, color, hidden, spanX, spanY, icon, newCue, screen, title, cellX, cellY, iconType, options, rank, modified, lock, screenType, festival, intent, appWidgetId, iconPackage, iconResource, profileId, restored, appWidgetProvider, _id FROM favorites WHERE (itemType is 2 AND (container=-102) AND (screenType=0)color <> -1 AND color <> 0)
02-18 19:53:48.778 3927 3946 W libprocessgroup: kill(-13701, 9) failed: No such process
02-18 19:53:48.784 3927 3946 W libprocessgroup: kill(-13701, 9) failed: No such process
02-18 19:53:48.793 3927 3946 W libprocessgroup: kill(-13701, 9) failed: No such process
02-18 19:53:48.800 3927 3946 W libprocessgroup: kill(-13701, 9) failed: No such process
02-18 19:53:48.921 3927 3946 W libprocessgroup: kill(-13730, 9) failed: No such process
02-18 19:53:48.928 3927 3946 W libprocessgroup: kill(-13730, 9) failed: No such process
02-18 19:53:48.934 3927 3946 W libprocessgroup: kill(-13730, 9) failed: No such process
02-18 19:53:48.940 3927 3946 W libprocessgroup: kill(-13730, 9) failed: No such process
02-18 19:53:48.949 3927 3946 W libprocessgroup: kill(-13730, 9) failed: No such process
02-18 19:53:48.950 14779 14779 E Zygote : isWhitelistProcess - Process is Whitelisted
02-18 19:53:48.953 14779 14779 E Zygote : accessInfo : 1
02-18 19:53:48.954 3927 3946 W libprocessgroup: kill(-13730, 9) failed: No such process
02-18 19:53:48.960 3927 3946 W libprocessgroup: kill(-13730, 9) failed: No such process
02-18 19:53:48.968 3927 3946 W libprocessgroup: kill(-13730, 9) failed: No such process
02-18 19:53:48.974 14779 14779 E ng.android.fas: Not starting debugger since process cannot load the jdwp agent.
02-18 19:53:48.974 3927 3946 W libprocessgroup: kill(-13730, 9) failed: No such process
02-18 19:53:48.982 3927 3946 W libprocessgroup: kill(-13730, 9) failed: No such process
02-18 19:53:48.988 3927 3946 W libprocessgroup: kill(-13730, 9) failed: No such process
02-18 19:53:49.021 3927 3946 W libprocessgroup: kill(-13730, 9) failed: No such process
02-18 19:53:49.028 3927 3946 W libprocessgroup: kill(-13730, 9) failed: No such process
02-18 19:53:49.035 3927 3946 W libprocessgroup: kill(-13730, 9) failed: No such process
02-18 19:53:49.040 3927 3946 W libprocessgroup: kill(-13730, 9) failed: No such process
02-18 19:53:49.101 3927 3946 W libprocessgroup: kill(-13730, 9) failed: No such process
02-18 19:53:49.113 3927 3946 W libprocessgroup: kill(-13730, 9) failed: No such process
02-18 19:53:49.136 9885 10887 W TestdroidDeviceService: MODE_WORLD_READABLE no longer supported
02-18 19:53:49.150 9890 9920 W Notification: Use of stream types is deprecated for operations other than volume control
02-18 19:53:49.151 9890 9920 W Notification: See the documentation of setSound() for what to use instead with android.media.AudioAttributes to qualify your playback use case
02-18 19:53:49.155 3927 12917 E NotificationService: No Channel found for pkg=com.bitbar.testdroid.monitor, channelId=null, id=1100, tag=null, opPkg=com.bitbar.testdroid.monitor, callingUid=10235, userId=0, incomingUserId=0, notificationUid=10235, notification=Notification(channel=null pri=0 contentView=null vibrate=null sound=null defaults=0x0 flags=0x2 color=0x00000000 vis=PRIVATE semFlags=0x0 semPriority=0 semMissedCount=0)
02-18 19:53:49.438 14779 14779 E SecureStorage: [ERROR]:SPID(0x0000002D)Data block not found: -1
02-18 19:53:49.456 14779 14779 E SecureStorage: [ERROR]:SPID(0x0000002D)Error processing data
02-18 19:53:49.456 14779 14779 E SecureStorage: [ERROR]:SPID(0x0000002D)Android: read data error: -1
02-18 19:53:49.501 3927 12917 W BroadcastQueue: Background execution not allowed: receiving Intent { act=android.intent.action.PACKAGE_ADDED dat=package:io.ionic.starter flg=0x4000010 (has extras) } to com.samsung.android.knox.containeragent/.KnoxPackageStateReceiver
02-18 19:53:49.504 3927 3946 W libprocessgroup: kill(-13833, 9) failed: No such process
02-18 19:53:49.509 3927 3946 W libprocessgroup: kill(-13833, 9) failed: No such process
02-18 19:53:49.516 3927 3946 W libprocessgroup: kill(-13833, 9) failed: No such process
02-18 19:53:49.519 14801 14801 E Zygote : isWhitelistProcess - Process is Whitelisted
02-18 19:53:49.519 14801 14801 E Zygote : accessInfo : 1
02-18 19:53:49.521 3927 3946 W libprocessgroup: kill(-13833, 9) failed: No such process
02-18 19:53:49.525 14801 14801 E stickerprovide: Not starting debugger since process cannot load the jdwp agent.
02-18 19:53:49.527 3927 3946 W libprocessgroup: kill(-13833, 9) failed: No such process
02-18 19:53:49.553 3927 3946 W libprocessgroup: kill(-13833, 9) failed: No such process
02-18 19:53:49.558 3927 3946 W libprocessgroup: kill(-13833, 9) failed: No such process
02-18 19:53:49.637 3927 3946 W libprocessgroup: kill(-13859, 9) failed: No such process
02-18 19:53:49.642 14816 14816 E Zygote : isWhitelistProcess - Process is Whitelisted
02-18 19:53:49.642 14816 14816 E Zygote : accessInfo : 1
02-18 19:53:49.642 3927 3946 W libprocessgroup: kill(-13859, 9) failed: No such process
02-18 19:53:49.648 3927 3946 W libprocessgroup: kill(-13859, 9) failed: No such process
02-18 19:53:49.650 14816 14816 E d.stickercente: Not starting debugger since process cannot load the jdwp agent.
02-18 19:53:49.654 3927 3946 W libprocessgroup: kill(-13859, 9) failed: No such process
02-18 19:53:49.657 14826 14826 E Zygote : isWhitelistProcess - Process is Whitelisted
02-18 19:53:49.657 14826 14826 E Zygote : accessInfo : 1
02-18 19:53:49.659 3927 3946 W libprocessgroup: kill(-13859, 9) failed: No such process
02-18 19:53:49.664 14826 14826 E .android.sclou: Not starting debugger since process cannot load the jdwp agent.
02-18 19:53:49.664 3927 3946 W libprocessgroup: kill(-13859, 9) failed: No such process
02-18 19:53:49.681 3927 3946 W libprocessgroup: kill(-13859, 9) failed: No such process
02-18 19:53:49.686 3927 3946 W libprocessgroup: kill(-13859, 9) failed: No such process
02-18 19:53:49.726 3927 3946 W libprocessgroup: kill(-13896, 9) failed: No such process
02-18 19:53:49.737 3927 3946 W libprocessgroup: kill(-13896, 9) failed: No such process
02-18 19:53:49.744 3927 3946 W libprocessgroup: kill(-13896, 9) failed: No such process
02-18 19:53:49.770 3927 3946 W libprocessgroup: kill(-13896, 9) failed: No such process
02-18 19:53:49.775 3927 3946 W libprocessgroup: kill(-13896, 9) failed: No such process
02-18 19:53:50.327 14867 14867 E Zygote : isWhitelistProcess - Process is Whitelisted
02-18 19:53:50.328 14867 14867 E Zygote : accessInfo : 1
02-18 19:53:50.341 14867 14867 E .devicesecurit: Not starting debugger since process cannot load the jdwp agent.
02-18 19:53:50.420 10707 10707 W Settings: Setting android_id has moved from android.provider.Settings.System to android.provider.Settings.Secure, returning read-only value.
02-18 19:53:50.422 10707 10707 W Settings: Setting android_id has moved from android.provider.Settings.System to android.provider.Settings.Secure, returning read-only value.
02-18 19:53:50.423 10707 10707 W Settings: Setting android_id has moved from android.provider.Settings.System to android.provider.Settings.Secure, returning read-only value.
02-18 19:53:50.425 10707 10707 W Settings: Setting android_id has moved from android.provider.Settings.System to android.provider.Settings.Secure, returning read-only value.
02-18 19:53:50.426 3927 6022 W BroadcastQueue: Background execution not allowed: receiving Intent { act=android.intent.action.PACKAGE_ADDED dat=package:io.ionic.starter flg=0x4000010 (has extras) } to com.samsung.android.spayfw/com.samsung.sensorframework.sdi.ips.IpsPackageStateListener
02-18 19:53:50.428 3927 3943 W BroadcastQueue: Background execution not allowed: receiving Intent { act=android.intent.action.PACKAGE_ADDED dat=package:io.ionic.starter flg=0x4000010 (has extras) } to com.samsung.knox.securefolder/.containeragent.detector.KnoxPackageStateReceiver
02-18 19:53:50.428 3927 3943 W BroadcastQueue: Background execution not allowed: receiving Intent { act=android.intent.action.PACKAGE_ADDED dat=package:io.ionic.starter flg=0x4000010 (has extras) } to com.sec.android.app.samsungapps/.receiver.PackageAddedReceiver
02-18 19:53:50.428 10707 10707 W Settings: Setting android_id has moved from android.provider.Settings.System to android.provider.Settings.Secure, returning read-only value.
02-18 19:53:50.430 10707 10707 W Settings: Setting android_id has moved from android.provider.Settings.System to android.provider.Settings.Secure, returning read-only value.
02-18 19:53:50.431 10707 10707 W Settings: Setting android_id has moved from android.provider.Settings.System to android.provider.Settings.Secure, returning read-only value.
02-18 19:53:50.435 10707 10707 W Settings: Setting android_id has moved from android.provider.Settings.System to android.provider.Settings.Secure, returning read-only value.
02-18 19:53:50.436 10707 10707 W Settings: Setting android_id has moved from android.provider.Settings.System to android.provider.Settings.Secure, returning read-only value.
02-18 19:53:50.437 10707 10707 W Settings: Setting android_id has moved from android.provider.Settings.System to android.provider.Settings.Secure, returning read-only value.
02-18 19:53:50.438 10707 10707 W Settings: Setting android_id has moved from android.provider.Settings.System to android.provider.Settings.Secure, returning read-only value.
02-18 19:53:50.440 10707 10707 W Settings: Setting android_id has moved from android.provider.Settings.System to android.provider.Settings.Secure, returning read-only value.
02-18 19:53:50.442 10707 10707 W Settings: Setting android_id has moved from android.provider.Settings.System to android.provider.Settings.Secure, returning read-only value.
02-18 19:53:50.444 10707 10707 W Settings: Setting android_id has moved from android.provider.Settings.System to android.provider.Settings.Secure, returning read-only value.
02-18 19:53:50.444 14882 14882 E Zygote : isWhitelistProcess - Process is Whitelisted
02-18 19:53:50.445 14882 14882 E Zygote : accessInfo : 1
02-18 19:53:50.446 10707 10707 W Settings: Setting android_id has moved from android.provider.Settings.System to android.provider.Settings.Secure, returning read-only value.
02-18 19:53:50.450 10707 10707 W Settings: Setting android_id has moved from android.provider.Settings.System to android.provider.Settings.Secure, returning read-only value.
02-18 19:53:50.452 10707 10707 W Settings: Setting android_id has moved from android.provider.Settings.System to android.provider.Settings.Secure, returning read-only value.
02-18 19:53:50.453 10707 10707 W Settings: Setting android_id has moved from android.provider.Settings.System to android.provider.Settings.Secure, returning read-only value.
02-18 19:53:50.454 14882 14882 E app.samsungapp: Not starting debugger since process cannot load the jdwp agent.
02-18 19:53:50.455 10707 10707 W Settings: Setting android_id has moved from android.provider.Settings.System to android.provider.Settings.Secure, returning read-only value.
02-18 19:53:50.455 10707 10707 W Settings: Setting android_id has moved from android.provider.Settings.System to android.provider.Settings.Secure, returning read-only value.
02-18 19:53:50.456 10707 10707 W Settings: Setting android_id has moved from android.provider.Settings.System to android.provider.Settings.Secure, returning read-only value.
02-18 19:53:50.457 10707 10707 W Settings: Setting android_id has moved from android.provider.Settings.System to android.provider.Settings.Secure, returning read-only value.
02-18 19:53:50.458 10707 10707 W Settings: Setting android_id has moved from android.provider.Settings.System to android.provider.Settings.Secure, returning read-only value.
02-18 19:53:50.459 10707 10707 W Settings: Setting android_id has moved from android.provider.Settings.System to android.provider.Settings.Secure, returning read-only value.
02-18 19:53:50.541 3927 6022 W BroadcastQueue: Background execution not allowed: receiving Intent { act=android.intent.action.PACKAGE_ADDED dat=package:io.ionic.starter flg=0x4000010 (has extras) } to com.sec.imsservice/com.sec.internal.ims.imsservice.ImsIntentReceiver
02-18 19:53:50.542 3927 3943 W BroadcastQueue: Background execution not allowed: receiving Intent { act=android.intent.action.PACKAGE_ADDED dat=package:io.ionic.starter flg=0x4000010 (has extras) } to com.domobile.applock/.receiver.CoreReceiver
02-18 19:53:50.562 14903 14903 E Zygote : isWhitelistProcess - Process is Whitelisted
02-18 19:53:50.562 14903 14903 E Zygote : accessInfo : 1
02-18 19:53:50.570 14903 14903 E ACMS.Process: Not starting debugger since process cannot load the jdwp agent.
02-18 19:53:50.715 3379 4107 E BufferQueueProducer: [io.ionic.starter/io.ionic.starter.MainActivity[14494]#1] disconnect: not connected (req=1)
02-18 19:53:50.716 14494 14651 W libEGL : EGLNativeWindowType 0x79ab94b010 disconnect failed
02-18 19:53:50.727 3927 4045 E WindowManager: win=Window{218d785 u0 io.ionic.starter/io.ionic.starter.MainActivity EXITING} destroySurfaces: appStopped=false win.mWindowRemovalAllowed=true win.mRemoveOnExit=true win.mViewVisibility=0 caller=com.android.server.wm.AppWindowToken.destroySurfaces:870 com.android.server.wm.AppWindowToken.destroySurfaces:851 com.android.server.wm.WindowState.onExitAnimationDone:5406 com.android.server.wm.WindowStateAnimator.onAnimationFinished:319 com.android.server.wm.WindowState.onAnimationFinished:5828 com.android.server.wm.-$$Lambda$yVRF8YoeNdTa8GR1wDStVsHu8xM.run:2 com.android.server.wm.SurfaceAnimator.lambda$getFinishedCallback$0:97
02-18 19:53:50.730 3379 4107 W SurfaceFlinger: Attempting to set client state on removed layer: io.ionic.starter/io.ionic.starter.MainActivity[14494]#1 [s.what : 40]
02-18 19:53:50.730 3379 4107 W SurfaceFlinger: Attempting to destroy on removed layer: io.ionic.starter/io.ionic.starter.MainActivity[14494]#1
02-18 19:53:50.743 14494 14494 E ViewRootImpl: sendUserActionEvent() returned.
02-18 19:53:51.046 3379 3412 E BufferQueueProducer: [io.ionic.starter/io.ionic.starter.MainActivity[14494]#0] disconnect: not connected (req=1)
02-18 19:53:51.046 14494 14651 W libEGL : EGLNativeWindowType 0x79ab741010 disconnect failed
02-18 19:53:51.066 14494 14494 E ViewRootImpl: sendUserActionEvent() returned.
02-18 19:53:51.143 14926 14926 E Zygote : isWhitelistProcess - Process is Whitelisted
02-18 19:53:51.144 14926 14926 E Zygote : accessInfo : 1
02-18 19:53:51.150 14926 14926 E android.dqagen: Not starting debugger since process cannot load the jdwp agent.
02-18 19:53:51.246 3270 3270 W /vendor/bin/hw/android.hardware.keymaster@3.0-service: Not performing software digesting for symmetric cipher keys
