02-18 19:53:51.246 3270 3270 W /vendor/bin/hw/android.hardware.keymaster@3.0-service: Not performing software digesting for symmetric cipher keys
02-18 19:53:51.266 3270 3270 W /vendor/bin/hw/android.hardware.keymaster@3.0-service: Not performing software digesting for symmetric cipher keys
02-18 19:53:51.273 3270 3270 W /vendor/bin/hw/android.hardware.keymaster@3.0-service: Not performing software digesting for symmetric cipher keys
02-18 19:53:51.275 3270 3270 W /vendor/bin/hw/android.hardware.keymaster@3.0-service: Not performing software digesting for symmetric cipher keys
02-18 19:53:51.276 3270 3270 W /vendor/bin/hw/android.hardware.keymaster@3.0-service: Not performing software digesting for symmetric cipher keys
02-18 19:53:51.283 3535 3535 W keystore: ENTER remove operation from uid 1000
02-18 19:53:51.374 3270 3270 W /vendor/bin/hw/android.hardware.keymaster@3.0-service: Not performing software digesting for symmetric cipher keys
02-18 19:53:51.374 3270 3270 W /vendor/bin/hw/android.hardware.keymaster@3.0-service: Not performing software digesting for symmetric cipher keys
02-18 19:53:51.378 3270 3270 W /vendor/bin/hw/android.hardware.keymaster@3.0-service: Not performing software digesting for symmetric cipher keys
02-18 19:53:51.381 3270 3270 W /vendor/bin/hw/android.hardware.keymaster@3.0-service: Not performing software digesting for symmetric cipher keys
02-18 19:53:51.382 3270 3270 W /vendor/bin/hw/android.hardware.keymaster@3.0-service: Not performing software digesting for symmetric cipher keys
02-18 19:53:51.382 3270 3270 W /vendor/bin/hw/android.hardware.keymaster@3.0-service: Not performing software digesting for symmetric cipher keys
02-18 19:53:51.387 3535 3535 W keystore: ENTER remove operation from uid 1000
02-18 19:53:53.557 3927 4358 E Watchdog: !@Sync 226 [2020-02-18 19:53:53.557] FD count : 564
02-18 19:53:57.058 5615 6141 W ThreadPoolDumper: Queue length for executor EventBus is now 11. Perhaps some tasks are too long, or the pool is too small.
02-18 19:53:59.577 3927 4164 W DeviceStorageMonitorService: updateBroadcasts(/data) oldLevel:0, newLevel:0, seq:1
02-18 19:53:59.577 3927 4164 W DeviceStorageMonitorService: updateBroadcasts_filenode(/data) fn_oldLevel:0, fn_newLevel:0, seq:1
02-18 19:54:02.113 3927 3946 W libprocessgroup: kill(-14903, 9) failed: No such process
02-18 19:54:17.305 3927 3938 E BartenderActivityManager: BarTender: pid : 14478 cached=true abnormal=false kill=false stay=false release=false
02-18 19:54:18.076 3927 3938 E BartenderActivityManager: BarTender: pid : 14449 cached=true abnormal=false kill=false stay=false release=false
02-18 19:54:18.283 3927 3938 E BartenderActivityManager: BarTender: pid : 14670 cached=true abnormal=false kill=false stay=false release=false
02-18 19:54:18.468 3927 3938 E BartenderActivityManager: BarTender: pid : 14656 cached=true abnormal=false kill=false stay=false release=false
02-18 19:54:18.756 3927 3938 E BartenderActivityManager: BarTender: pid : 14571 cached=true abnormal=false kill=false stay=false release=false
02-18 19:54:18.928 3927 3938 E BartenderActivityManager: BarTender: pid : 14738 cached=true abnormal=false kill=false stay=false release=false
02-18 19:54:19.508 3927 3938 E BartenderActivityManager: BarTender: pid : 14779 cached=true abnormal=false kill=false stay=false release=false
02-18 19:54:19.639 3927 3938 E BartenderActivityManager: BarTender: pid : 14801 cached=true abnormal=false kill=false stay=false release=false
02-18 19:54:20.312 3927 3938 E BartenderActivityManager: BarTender: pid : 14826 cached=true abnormal=false kill=false stay=false release=false
02-18 19:54:20.430 3927 3938 E BartenderActivityManager: BarTender: pid : 14867 cached=true abnormal=false kill=false stay=false release=false
02-18 19:54:20.548 3927 3938 E BartenderActivityManager: BarTender: pid : 14882 cached=true abnormal=false kill=false stay=false release=false
02-18 19:54:23.561 3927 4358 E Watchdog: !@Sync 227 [2020-02-18 19:54:23.561] FD count : 564
02-18 19:54:23.929 3927 3943 W ActivityManager: Stopping service due to app idle: u0a235 -1h52m35s100ms com.bitbar.testdroid.monitor/.service.MonitorService
02-18 19:54:23.930 3927 3943 W ActivityManager: Stopping service due to app idle: u0a235 -1h52m35s102ms com.bitbar.testdroid.monitor/.DataService
02-18 19:54:23.937 3927 3946 W libprocessgroup: kill(-9890, 9) failed: No such process
02-18 19:54:23.989 3927 3946 W libprocessgroup: kill(-9890, 9) failed: No such process
02-18 19:54:23.995 3927 3946 W libprocessgroup: kill(-9890, 9) failed: No such process
02-18 19:54:26.700 3927 3938 E BartenderActivityManager: BarTender: pid : 14434 cached=true abnormal=false kill=false stay=false release=false
02-18 19:54:26.702 3927 3946 W libprocessgroup: kill(-13765, 9) failed: No such process
02-18 19:54:26.762 3927 3946 W libprocessgroup: kill(-13765, 9) failed: No such process
02-18 19:54:26.767 3927 3946 W libprocessgroup: kill(-13765, 9) failed: No such process
02-18 19:54:48.525 3546 3703 E storaged: getDiskStats failed with result NOT_SUPPORTED and size 0
02-18 19:54:53.566 3927 4358 E Watchdog: !@Sync 228 [2020-02-18 19:54:53.566] FD count : 564
02-18 19:54:53.982 3927 3938 E BartenderActivityManager: BarTender: pid : 9860 cached=true abnormal=false kill=false stay=false release=false
02-18 19:54:53.985 3927 3938 E BartenderActivityManager: BarTender: pid : 9885 cached=true abnormal=false kill=false stay=false release=false
02-18 19:54:59.655 3927 4164 W DeviceStorageMonitorService: updateBroadcasts(/data) oldLevel:0, newLevel:0, seq:1
02-18 19:54:59.655 3927 4164 W DeviceStorageMonitorService: updateBroadcasts_filenode(/data) fn_oldLevel:0, fn_newLevel:0, seq:1
02-18 19:55:23.570 3927 4358 E Watchdog: !@Sync 229 [2020-02-18 19:55:23.570] FD count : 514